CRAN Package Check Results for Package editbl

Last updated on 2024-04-16 12:51:28 CEST.

Flavor Version Tinstall Tcheck Ttotal Status Flags
r-devel-linux-x86_64-debian-clang 1.0.3 7.05 76.69 83.74 OK
r-devel-linux-x86_64-debian-gcc 1.0.3 7.09 57.85 64.94 OK
r-devel-linux-x86_64-fedora-clang 1.0.3 110.48 NOTE
r-devel-linux-x86_64-fedora-gcc 1.0.3 98.74 OK
r-prerel-macos-arm64 1.0.3 36.00 OK
r-prerel-windows-x86_64 1.0.3 10.00 88.00 98.00 OK
r-patched-linux-x86_64 1.0.3 9.15 73.59 82.74 OK
r-release-linux-x86_64 1.0.3 7.70 75.97 83.67 OK
r-release-macos-arm64 1.0.3 42.00 OK
r-release-macos-x86_64 1.0.3 73.00 OK
r-release-windows-x86_64 1.0.3 13.00 101.00 114.00 OK
r-oldrel-macos-arm64 1.0.3 38.00 OK
r-oldrel-windows-x86_64 1.0.3 13.00 99.00 112.00 OK

Check Details

Version: 1.0.3
Check: Rd cross-references
Result: NOTE Undeclared package ‘htmlwidgets’ in Rd xrefs Flavor: r-devel-linux-x86_64-fedora-clang