CRAN Package Check Results for Package eda4treeR

Last updated on 2022-08-19 12:54:36 CEST.

Flavor Version Tinstall Tcheck Ttotal Status Flags
r-devel-linux-x86_64-debian-clang 0.3.0 17.06 161.41 178.47 OK
r-devel-linux-x86_64-debian-gcc 0.3.0 14.31 119.72 134.03 OK
r-devel-linux-x86_64-fedora-clang 0.3.0 237.90 NOTE
r-devel-linux-x86_64-fedora-gcc 0.3.0 240.18 NOTE
r-devel-windows-x86_64 0.3.0 35.00 186.00 221.00 OK
r-patched-linux-x86_64 0.3.0 18.15 152.05 170.20 OK
r-release-linux-x86_64 0.3.0 OK
r-release-macos-arm64 0.3.0 60.00 NOTE
r-release-macos-x86_64 0.3.0 100.00 NOTE
r-release-windows-x86_64 0.3.0 32.00 190.00 222.00 OK
r-oldrel-macos-arm64 0.3.0 64.00 NOTE
r-oldrel-macos-x86_64 0.3.0 110.00 NOTE
r-oldrel-windows-ix86+x86_64 0.3.0 39.00 197.00 236.00 OK

Check Details

Version: 0.3.0
Check: dependencies in R code
Result: NOTE
    Namespaces in Imports field not imported from:
     ‘dae’ ‘dplyr’
     All declared Imports should be used.
Flavors: r-devel-linux-x86_64-fedora-clang, r-devel-linux-x86_64-fedora-gcc, r-release-macos-arm64, r-release-macos-x86_64, r-oldrel-macos-arm64, r-oldrel-macos-x86_64