CRAN Package Check Results for Package ecp

Last updated on 2022-10-07 12:54:59 CEST.

Flavor Version Tinstall Tcheck Ttotal Status Flags
r-devel-linux-x86_64-debian-clang 3.1.3 41.86 49.11 90.97 OK
r-devel-linux-x86_64-debian-gcc 3.1.3 32.85 38.79 71.64 NOTE
r-devel-linux-x86_64-fedora-clang 3.1.3 136.03 OK
r-devel-linux-x86_64-fedora-gcc 3.1.3 127.15 OK
r-devel-windows-x86_64 3.1.3 44.00 108.00 152.00 OK
r-patched-linux-x86_64 3.1.3 33.03 47.31 80.34 OK
r-release-linux-x86_64 3.1.3 32.57 48.20 80.77 OK
r-release-macos-arm64 3.1.3 34.00 OK
r-release-macos-x86_64 3.1.3 46.00 OK
r-release-windows-x86_64 3.1.3 38.00 95.00 133.00 OK
r-oldrel-macos-arm64 3.1.3 39.00 OK
r-oldrel-macos-x86_64 3.1.3 66.00 OK
r-oldrel-windows-ix86+x86_64 3.1.3 94.00 102.00 196.00 OK

Check Details

Version: 3.1.3
Check: compilation flags used
Result: NOTE
    Compilation used the following non-portable flag(s):
     ‘-Wstrict-prototypes’
Flavor: r-devel-linux-x86_64-debian-gcc