CRAN Package Check Results for Package ecospace

Last updated on 2020-09-22 14:04:55 CEST.

Flavor Version Tinstall Tcheck Ttotal Status Flags
r-devel-linux-x86_64-debian-clang 1.4.2 9.16 140.00 149.16 OK
r-devel-linux-x86_64-debian-gcc 1.4.2 7.43 104.28 111.71 OK
r-devel-linux-x86_64-fedora-clang 1.4.2 180.18 OK
r-devel-linux-x86_64-fedora-gcc 1.4.2 195.77 OK
r-devel-windows-ix86+x86_64 1.4.2 21.00 140.00 161.00 OK
r-patched-linux-x86_64 1.4.2 8.12 134.97 143.09 OK
r-patched-solaris-x86 1.4.2 232.20 OK
r-release-linux-x86_64 1.4.2 7.53 134.64 142.17 OK
r-release-macos-x86_64 1.4.2 OK
r-release-windows-ix86+x86_64 1.4.2 21.00 174.00 195.00 OK
r-oldrel-macos-x86_64 1.4.2 ERROR
r-oldrel-windows-ix86+x86_64 1.3.1 16.00 201.00 217.00 OK

Check Details

Version: 1.4.2
Check: whether package can be installed
Result: ERROR
    Installation failed.
Flavor: r-oldrel-macos-x86_64