CRAN Package Check Results for Package ecolMod

Last updated on 2020-10-30 07:49:53 CET.

Flavor Version Tinstall Tcheck Ttotal Status Flags
r-devel-linux-x86_64-debian-clang 1.2.6 3.22 55.37 58.59 NOTE
r-devel-linux-x86_64-debian-gcc 1.2.6 2.53 39.57 42.10 NOTE
r-devel-linux-x86_64-fedora-clang 1.2.6 76.16 NOTE
r-devel-linux-x86_64-fedora-gcc 1.2.6 67.38 NOTE
r-devel-windows-ix86+x86_64 1.2.6 10.00 96.00 106.00 NOTE
r-patched-linux-x86_64 1.2.6 3.51 51.99 55.50 NOTE
r-patched-solaris-x86 1.2.6 89.30 NOTE
r-release-linux-x86_64 1.2.6 3.06 51.26 54.32 NOTE
r-release-macos-x86_64 1.2.6 NOTE
r-release-windows-ix86+x86_64 1.2.6 9.00 94.00 103.00 NOTE
r-oldrel-macos-x86_64 1.2.6 NOTE
r-oldrel-windows-ix86+x86_64 1.2.6 30.00 85.00 115.00 NOTE

Check Details

Version: 1.2.6
Check: R code for possible problems
Result: NOTE
    dilution: no visible global function definition for 'grey'
    dilution: no visible global function definition for 'lines'
    dilution: no visible global function definition for 'rect'
    dilution: no visible global function definition for 'segments'
    dilution: no visible global function definition for 'text'
    dilution: no visible global function definition for 'arrows'
    pricefit: no visible global function definition for 'runif'
    Undefined global functions or variables:
     arrows grey lines rect runif segments text
    Consider adding
     importFrom("grDevices", "grey")
     importFrom("graphics", "arrows", "lines", "rect", "segments", "text")
     importFrom("stats", "runif")
    to your NAMESPACE file.
Flavors: r-devel-linux-x86_64-debian-clang, r-devel-linux-x86_64-debian-gcc, r-devel-linux-x86_64-fedora-clang, r-devel-linux-x86_64-fedora-gcc, r-devel-windows-ix86+x86_64, r-patched-linux-x86_64, r-patched-solaris-x86, r-release-linux-x86_64, r-release-macos-x86_64, r-release-windows-ix86+x86_64, r-oldrel-macos-x86_64, r-oldrel-windows-ix86+x86_64

Version: 1.2.6
Check: compiled code
Result: NOTE
    File ‘ecolMod/libs/ecolMod.so’:
     Found no calls to: ‘R_registerRoutines’, ‘R_useDynamicSymbols’
    
    It is good practice to register native routines and to disable symbol
    search.
    
    See ‘Writing portable packages’ in the ‘Writing R Extensions’ manual.
Flavors: r-devel-linux-x86_64-fedora-clang, r-devel-linux-x86_64-fedora-gcc