CRAN Package Check Results for Package eclust

Last updated on 2022-09-25 12:55:56 CEST.

Flavor Version Tinstall Tcheck Ttotal Status Flags
r-devel-linux-x86_64-debian-clang 0.1.0 7.60 200.81 208.41 OK
r-devel-linux-x86_64-debian-gcc 0.1.0 5.53 127.75 133.28 OK
r-devel-linux-x86_64-fedora-clang 0.1.0 255.24 NOTE
r-devel-linux-x86_64-fedora-gcc 0.1.0 250.42 NOTE
r-devel-windows-x86_64 0.1.0 17.00 290.00 307.00 OK
r-patched-linux-x86_64 0.1.0 7.00 187.17 194.17 OK
r-release-linux-x86_64 0.1.0 5.72 187.26 192.98 OK
r-release-macos-arm64 0.1.0 88.00 NOTE
r-release-macos-x86_64 0.1.0 176.00 NOTE
r-release-windows-x86_64 0.1.0 17.00 277.00 294.00 OK
r-oldrel-macos-arm64 0.1.0 112.00 NOTE
r-oldrel-macos-x86_64 0.1.0 127.00 NOTE
r-oldrel-windows-ix86+x86_64 0.1.0 15.00 265.00 280.00 OK

Check Details

Version: 0.1.0
Check: dependencies in R code
Result: NOTE
    Namespace in Imports field not imported from: ‘pander’
     All declared Imports should be used.
Flavors: r-devel-linux-x86_64-fedora-clang, r-devel-linux-x86_64-fedora-gcc, r-release-macos-arm64, r-release-macos-x86_64, r-oldrel-macos-arm64, r-oldrel-macos-x86_64