CRAN Package Check Results for Package easyclimate

Last updated on 2024-06-20 06:57:11 CEST.

Flavor Version Tinstall Tcheck Ttotal Status Flags
r-devel-linux-x86_64-debian-clang 0.2.1 1.90 43.45 45.35 OK
r-devel-linux-x86_64-debian-gcc 0.2.1 1.92 32.20 34.12 OK
r-devel-linux-x86_64-fedora-clang 0.2.1 58.19 NOTE
r-devel-linux-x86_64-fedora-gcc 0.2.1 60.34 OK
r-devel-windows-x86_64 0.2.1 3.00 50.00 53.00 OK
r-patched-linux-x86_64 0.2.1 2.52 43.16 45.68 OK
r-release-linux-x86_64 0.2.1 2.46 42.05 44.51 OK
r-release-macos-arm64 0.2.1 21.00 OK
r-release-macos-x86_64 0.2.1 29.00 OK
r-release-windows-x86_64 0.2.1 3.00 51.00 54.00 OK
r-oldrel-macos-arm64 0.2.1 22.00 OK
r-oldrel-macos-x86_64 0.2.1 32.00 OK
r-oldrel-windows-x86_64 0.2.1 3.00 58.00 61.00 OK

Check Details

Version: 0.2.1
Check: Rd cross-references
Result: NOTE Undeclared package ‘tibble’ in Rd xrefs Flavor: r-devel-linux-x86_64-fedora-clang