CRAN Package Check Results for Package earthtide

Last updated on 2022-10-01 21:53:52 CEST.

Flavor Version Tinstall Tcheck Ttotal Status Flags
r-devel-linux-x86_64-debian-clang 0.0.14 48.54 102.65 151.19 OK
r-devel-linux-x86_64-debian-gcc 0.0.14 41.28 77.44 118.72 OK
r-devel-linux-x86_64-fedora-clang 0.0.14 222.33 OK
r-devel-linux-x86_64-fedora-gcc 0.0.14 213.20 OK
r-devel-windows-x86_64 0.0.14 58.00 130.00 188.00 OK
r-patched-linux-x86_64 0.0.14 44.82 99.73 144.55 OK
r-release-linux-x86_64 0.0.14 44.45 97.48 141.93 OK
r-release-macos-arm64 0.0.14 56.00 NOTE
r-release-macos-x86_64 0.0.14 77.00 NOTE
r-release-windows-x86_64 0.0.14 68.00 139.00 207.00 OK
r-oldrel-macos-arm64 0.0.14 52.00 NOTE
r-oldrel-macos-x86_64 0.0.14 101.00 NOTE
r-oldrel-windows-ix86+x86_64 0.0.14 119.00 175.00 294.00 OK

Check Details

Version: 0.0.14
Check: installed package size
Result: NOTE
     installed size is 6.8Mb
     sub-directories of 1Mb or more:
     R 2.2Mb
     libs 4.1Mb
Flavors: r-release-macos-arm64, r-release-macos-x86_64, r-oldrel-macos-arm64, r-oldrel-macos-x86_64