CRAN Package Check Results for Package eaf

Last updated on 2022-10-06 12:55:23 CEST.

Flavor Version Tinstall Tcheck Ttotal Status Flags
r-devel-linux-x86_64-debian-clang 2.3 20.68 100.07 120.75 NOTE
r-devel-linux-x86_64-debian-gcc 2.3 15.46 76.54 92.00 NOTE
r-devel-linux-x86_64-fedora-clang 2.3 159.87 NOTE
r-devel-linux-x86_64-fedora-gcc 2.3 154.60 NOTE
r-devel-windows-x86_64 2.3 96.00 139.00 235.00 WARN
r-patched-linux-x86_64 2.3 17.88 94.56 112.44 NOTE
r-release-linux-x86_64 2.3 16.89 93.88 110.77 NOTE
r-release-macos-arm64 2.3 55.00 NOTE
r-release-macos-x86_64 2.3 72.00 NOTE
r-release-windows-x86_64 2.3 110.00 133.00 243.00 NOTE
r-oldrel-macos-arm64 2.3 60.00 NOTE
r-oldrel-macos-x86_64 2.3 72.00 NOTE
r-oldrel-windows-ix86+x86_64 2.3 102.00 236.00 338.00 NOTE

Check Details

Version: 2.3
Check: for GNU extensions in Makefiles
Result: NOTE
    GNU make is a SystemRequirements.
Flavors: r-devel-linux-x86_64-debian-clang, r-devel-linux-x86_64-debian-gcc, r-devel-linux-x86_64-fedora-clang, r-devel-linux-x86_64-fedora-gcc, r-devel-windows-x86_64, r-patched-linux-x86_64, r-release-linux-x86_64, r-release-macos-arm64, r-release-macos-x86_64, r-release-windows-x86_64, r-oldrel-macos-arm64, r-oldrel-macos-x86_64, r-oldrel-windows-ix86+x86_64

Version: 2.3
Check: whether package can be installed
Result: WARN
    Found the following significant warnings:
     whv.c:62:18: warning: format '%ld' expects argument of type 'long int', but argument 3 has type 'size_t' {aka 'long long unsigned int'} [-Wformat=]
     whv.c:62:18: warning: format '%ld' expects argument of type 'long int', but argument 4 has type 'size_t' {aka 'long long unsigned int'} [-Wformat=]
Flavor: r-devel-windows-x86_64

Version: 2.3
Check: installed package size
Result: NOTE
     installed size is 6.4Mb
     sub-directories of 1Mb or more:
     bin 3.5Mb
     extdata 1.7Mb
Flavors: r-devel-windows-x86_64, r-release-windows-x86_64, r-oldrel-windows-ix86+x86_64

Version: 2.3
Check: compiled code
Result: NOTE
    File ‘eaf/libs/eaf.so’:
     Found ‘___stderrp’, possibly from ‘stderr’ (C)
     Objects: ‘eaf/io.o’, ‘mo-tools/hv.o’
     Found ‘___stdoutp’, possibly from ‘stdout’ (C)
     Object: ‘eaf/io.o’
    
    Compiled code should not call entry points which might terminate R nor
    write to stdout/stderr instead of to the console, nor use Fortran I/O
    nor system RNGs.
    
    See ‘Writing portable packages’ in the ‘Writing R Extensions’ manual.
Flavors: r-release-macos-arm64, r-release-macos-x86_64, r-oldrel-macos-arm64, r-oldrel-macos-x86_64