CRAN Package Check Results for Package eNetXplorer

Last updated on 2020-05-28 07:47:55 CEST.

Flavor Version Tinstall Tcheck Ttotal Status Flags
r-devel-linux-x86_64-debian-clang 1.1.0 11.62 150.21 161.83 OK
r-devel-linux-x86_64-debian-gcc 1.1.0 11.11 113.47 124.58 WARN
r-devel-linux-x86_64-fedora-clang 1.1.0 213.19 WARN
r-devel-linux-x86_64-fedora-gcc 1.1.0 210.33 WARN
r-devel-windows-ix86+x86_64 1.1.0 36.00 211.00 247.00 OK
r-patched-linux-x86_64 1.1.0 12.34 148.99 161.33 OK
r-patched-solaris-x86 1.1.0 179.70 ERROR
r-release-linux-x86_64 1.1.0 13.16 146.79 159.95 OK
r-release-osx-x86_64 1.1.0 OK
r-release-windows-ix86+x86_64 1.1.0 27.00 205.00 232.00 OK
r-oldrel-osx-x86_64 1.1.0 OK
r-oldrel-windows-ix86+x86_64 1.1.0 22.00 156.00 178.00 OK

Check Details

Version: 1.1.0
Check: whether package can be installed
Result: WARN
    Found the following significant warnings:
     Warning: S4 exports specified in 'NAMESPACE' but not defined in package ‘eNetXplorer’
Flavors: r-devel-linux-x86_64-debian-gcc, r-devel-linux-x86_64-fedora-clang, r-devel-linux-x86_64-fedora-gcc

Version: 1.1.0
Check: whether the namespace can be loaded with stated dependencies
Result: NOTE
    Warning: S4 exports specified in 'NAMESPACE' but not defined in package ‘eNetXplorer’
    
    A namespace must be able to be loaded with just the base namespace
    loaded: otherwise if the namespace gets loaded by a saved object, the
    session will be unable to start.
    
    Probably some imports need to be declared in the NAMESPACE file.
Flavors: r-devel-linux-x86_64-debian-gcc, r-devel-linux-x86_64-fedora-clang, r-devel-linux-x86_64-fedora-gcc

Version: 1.1.0
Check: examples
Result: ERROR
    Running examples in ‘eNetXplorer-Ex.R’ failed
    The error most likely occurred in:
    
    > ### Name: plotContingency
    > ### Title: generates plot of response vs out-of-bag predictions across
    > ### classes
    > ### Aliases: plotContingency
    >
    > ### ** Examples
    >
    > ## Don't show:
    > set.seed(123)
    > fit = eNetXplorer(x=matrix(rnorm(120),ncol=4),y=c(rep(0,15),rep(1,15)),
    + family="binomial",n_run=5, n_perm_null=4,alpha=c(0.5,1))
    Error during execution of alpha = 0.5
    > plot(x=fit,plot.type="contingency")
    Error in if (x$family %in% c("binomial", "multinomial")) { :
     argument is of length zero
    Calls: plot -> plot.eNetXplorer
    Execution halted
Flavor: r-patched-solaris-x86