Last updated on 2023-09-29 18:54:33 CEST.
Flavor | Version | Tinstall | Tcheck | Ttotal | Status | Flags |
---|---|---|---|---|---|---|
r-devel-linux-x86_64-debian-clang | 2.0 | 42.53 | 47.23 | 89.76 | OK | |
r-devel-linux-x86_64-debian-gcc | 2.0 | 27.04 | 36.28 | 63.32 | OK | |
r-devel-linux-x86_64-fedora-clang | 2.0 | 113.49 | NOTE | |||
r-devel-linux-x86_64-fedora-gcc | 2.0 | 114.36 | OK | |||
r-devel-windows-x86_64 | 2.0 | 30.00 | 82.00 | 112.00 | OK | |
r-patched-linux-x86_64 | 2.0 | 36.73 | 46.08 | 82.81 | OK | |
r-release-linux-x86_64 | 2.0 | 35.74 | 46.33 | 82.07 | OK | |
r-release-macos-arm64 | 2.0 | 40.00 | OK | |||
r-release-macos-x86_64 | 2.0 | 93.00 | OK | |||
r-release-windows-x86_64 | 2.0 | 40.00 | 87.00 | 127.00 | OK | |
r-oldrel-macos-arm64 | 2.0 | 40.00 | OK | |||
r-oldrel-macos-x86_64 | 2.0 | 46.00 | OK | |||
r-oldrel-windows-x86_64 | 2.0 | 38.00 | 89.00 | 127.00 | OK |
Version: 2.0
Check: Rd cross-references
Result: NOTE
Undeclared package ‘CausalImpact’ in Rd xrefs
Flavor: r-devel-linux-x86_64-fedora-clang