CRAN Package Check Results for Package dyndimred

Last updated on 2022-08-16 06:52:22 CEST.

Flavor Version Tinstall Tcheck Ttotal Status Flags
r-devel-linux-x86_64-debian-clang 1.0.4 10.60 131.45 142.05 NOTE
r-devel-linux-x86_64-debian-gcc 1.0.4 8.47 98.52 106.99 NOTE
r-devel-linux-x86_64-fedora-clang 1.0.4 185.48 NOTE
r-devel-linux-x86_64-fedora-gcc 1.0.4 197.68 NOTE
r-devel-windows-x86_64 1.0.4 19.00 203.00 222.00 NOTE
r-patched-linux-x86_64 1.0.4 8.64 124.78 133.42 NOTE
r-release-linux-x86_64 1.0.4 10.34 125.02 135.36 NOTE
r-release-macos-arm64 1.0.4 77.00 NOTE
r-release-macos-x86_64 1.0.4 189.00 NOTE
r-release-windows-x86_64 1.0.4 18.00 201.00 219.00 NOTE
r-oldrel-macos-arm64 1.0.4 83.00 NOTE
r-oldrel-macos-x86_64 1.0.4 169.00 NOTE
r-oldrel-windows-ix86+x86_64 1.0.4 26.00 210.00 236.00 WARN

Check Details

Version: 1.0.4
Check: package dependencies
Result: NOTE
    Package suggested but not available for checking: 'lle'
Flavors: r-devel-linux-x86_64-debian-clang, r-devel-linux-x86_64-debian-gcc, r-devel-linux-x86_64-fedora-clang, r-devel-linux-x86_64-fedora-gcc, r-patched-linux-x86_64, r-release-linux-x86_64

Version: 1.0.4
Check: LazyData
Result: NOTE
     'LazyData' is specified without a 'data' directory
Flavors: r-devel-linux-x86_64-debian-clang, r-devel-linux-x86_64-debian-gcc, r-devel-linux-x86_64-fedora-clang, r-devel-linux-x86_64-fedora-gcc, r-devel-windows-x86_64, r-patched-linux-x86_64, r-release-linux-x86_64, r-release-macos-arm64, r-release-macos-x86_64, r-release-windows-x86_64, r-oldrel-macos-arm64, r-oldrel-macos-x86_64, r-oldrel-windows-ix86+x86_64

Version: 1.0.4
Check: for unstated dependencies in ‘tests’
Result: WARN
    Warning: unable to access index for repository https://bioconductor.org/packages/3.14/bioc/src/contrib:
     cannot open URL 'https://bioconductor.org/packages/3.14/bioc/src/contrib/PACKAGES'
    Warning: unable to access index for repository https://bioconductor.org/packages/3.14/data/annotation/src/contrib:
     cannot open URL 'https://bioconductor.org/packages/3.14/data/annotation/src/contrib/PACKAGES'
    Warning: unable to access index for repository https://bioconductor.org/packages/3.14/data/experiment/src/contrib:
     cannot open URL 'https://bioconductor.org/packages/3.14/data/experiment/src/contrib/PACKAGES'
Flavor: r-oldrel-windows-ix86+x86_64