CRAN Package Check Results for Package dumbbell

Last updated on 2022-08-20 01:49:57 CEST.

Flavor Version Tinstall Tcheck Ttotal Status Flags
r-devel-linux-x86_64-debian-clang 0.1 11.09 102.72 113.81 NOTE
r-devel-linux-x86_64-debian-gcc 0.1 9.30 75.73 85.03 NOTE
r-devel-linux-x86_64-fedora-clang 0.1 146.24 NOTE
r-devel-linux-x86_64-fedora-gcc 0.1 144.63 NOTE
r-devel-windows-x86_64 0.1 15.00 128.00 143.00 NOTE
r-patched-linux-x86_64 0.1 9.54 94.84 104.38 NOTE
r-release-linux-x86_64 0.1 NOTE
r-release-macos-arm64 0.1 38.00 NOTE
r-release-macos-x86_64 0.1 74.00 NOTE
r-release-windows-x86_64 0.1 14.00 139.00 153.00 NOTE
r-oldrel-macos-arm64 0.1 56.00 NOTE
r-oldrel-macos-x86_64 0.1 82.00 NOTE
r-oldrel-windows-ix86+x86_64 0.1 24.00 130.00 154.00 NOTE

Check Details

Version: 0.1
Check: LazyData
Result: NOTE
     'LazyData' is specified without a 'data' directory
Flavors: r-devel-linux-x86_64-debian-clang, r-devel-linux-x86_64-debian-gcc, r-devel-linux-x86_64-fedora-clang, r-devel-linux-x86_64-fedora-gcc, r-devel-windows-x86_64, r-patched-linux-x86_64, r-release-linux-x86_64, r-release-macos-arm64, r-release-macos-x86_64, r-release-windows-x86_64, r-oldrel-macos-arm64, r-oldrel-macos-x86_64, r-oldrel-windows-ix86+x86_64