CRAN Package Check Results for Package duckdb

Last updated on 2022-09-30 00:49:13 CEST.

Flavor Version Tinstall Tcheck Ttotal Status Flags
r-devel-linux-x86_64-debian-clang 0.5.1 2355.06 82.70 2437.76 OK
r-devel-linux-x86_64-debian-gcc 0.5.1 1859.62 64.22 1923.84 OK
r-devel-linux-x86_64-fedora-clang 0.5.1 3288.03 NOTE
r-devel-linux-x86_64-fedora-gcc 0.5.1 3508.26 OK
r-devel-windows-x86_64 0.5.1 5487.00 362.00 5849.00 NOTE
r-patched-linux-x86_64 0.5.1 1969.44 78.74 2048.18 OK
r-release-linux-x86_64 0.5.1 1986.20 77.76 2063.96 OK
r-release-macos-arm64 0.5.1 716.00 NOTE
r-release-macos-x86_64 0.5.1 923.00 NOTE
r-release-windows-x86_64 0.5.1 3512.00 345.00 3857.00 NOTE
r-oldrel-macos-arm64 0.5.1 706.00 NOTE
r-oldrel-macos-x86_64 0.5.1 930.00 NOTE
r-oldrel-windows-ix86+x86_64 0.5.1 4807.00 300.00 5107.00 NOTE

Check Details

Version: 0.5.1
Check: installed package size
Result: NOTE
     installed size is 33.5Mb
     sub-directories of 1Mb or more:
     libs 32.9Mb
Flavors: r-devel-linux-x86_64-fedora-clang, r-devel-windows-x86_64, r-release-macos-arm64, r-release-macos-x86_64, r-release-windows-x86_64, r-oldrel-macos-arm64, r-oldrel-macos-x86_64, r-oldrel-windows-ix86+x86_64