CRAN Package Check Results for Package dtw

Last updated on 2020-09-21 07:56:00 CEST.

Flavor Version Tinstall Tcheck Ttotal Status Flags
r-devel-linux-x86_64-debian-clang 1.21-3 5.47 46.09 51.56 OK
r-devel-linux-x86_64-debian-gcc 1.21-3 3.77 36.81 40.58 OK
r-devel-linux-x86_64-fedora-clang 1.21-3 75.40 NOTE
r-devel-linux-x86_64-fedora-gcc 1.21-3 64.59 OK
r-devel-windows-ix86+x86_64 1.21-3 18.00 73.00 91.00 NOTE
r-patched-linux-x86_64 1.21-3 5.49 46.10 51.59 OK
r-patched-solaris-x86 1.21-3 86.60 OK
r-release-linux-x86_64 1.21-3 5.23 46.29 51.52 OK
r-release-macos-x86_64 1.21-3 OK
r-release-windows-ix86+x86_64 1.21-3 17.00 66.00 83.00 OK
r-oldrel-macos-x86_64 1.21-3 OK
r-oldrel-windows-ix86+x86_64 1.21-3 11.00 80.00 91.00 OK

Check Details

Version: 1.21-3
Check: Rd cross-references
Result: NOTE
    Undeclared packages ‘analogue’, ‘vegan’ in Rd xrefs
Flavor: r-devel-linux-x86_64-fedora-clang

Version: 1.21-3
Check: Rd cross-references
Result: NOTE
    Package unavailable to check Rd xrefs: 'analogue'
Flavor: r-devel-windows-ix86+x86_64