Last updated on 2023-01-31 21:51:33 CET.
Flavor | Version | Tinstall | Tcheck | Ttotal | Status | Flags |
---|---|---|---|---|---|---|
r-devel-linux-x86_64-debian-clang | 2.0.9 | 2.80 | 781.62 | 784.42 | OK | |
r-devel-linux-x86_64-debian-gcc | 2.0.9 | 2.45 | 543.02 | 545.47 | OK | |
r-devel-linux-x86_64-fedora-clang | 2.0.9 | 907.14 | OK | |||
r-devel-linux-x86_64-fedora-gcc | 2.0.9 | 914.11 | OK | |||
r-devel-windows-x86_64 | 2.0.9 | 93.00 | 692.00 | 785.00 | OK | |
r-patched-linux-x86_64 | 2.0.9 | 3.02 | 730.78 | 733.80 | OK | |
r-release-linux-x86_64 | 2.0.9 | 2.79 | 742.48 | 745.27 | OK | |
r-release-macos-arm64 | 2.0.9 | 159.00 | OK | |||
r-release-macos-x86_64 | 2.0.9 | 345.00 | OK | |||
r-release-windows-x86_64 | 2.0.9 | 118.00 | 729.00 | 847.00 | OK | |
r-oldrel-macos-arm64 | 2.0.9 | 171.00 | OK | |||
r-oldrel-macos-x86_64 | 2.0.9 | 357.00 | OK | |||
r-oldrel-windows-ix86+x86_64 | 2.0.9 | 7.00 | 819.00 | 826.00 | WARN |
Version: 2.0.9
Check: for unstated dependencies in ‘tests’
Result: WARN
Warning: unable to access index for repository https://bioconductor.org/packages/3.14/bioc/src/contrib:
cannot open URL 'https://bioconductor.org/packages/3.14/bioc/src/contrib/PACKAGES'
Warning: unable to access index for repository https://bioconductor.org/packages/3.14/data/annotation/src/contrib:
cannot open URL 'https://bioconductor.org/packages/3.14/data/annotation/src/contrib/PACKAGES'
Warning: unable to access index for repository https://bioconductor.org/packages/3.14/data/experiment/src/contrib:
cannot open URL 'https://bioconductor.org/packages/3.14/data/experiment/src/contrib/PACKAGES'
Flavor: r-oldrel-windows-ix86+x86_64