CRAN Package Check Results for Package dsample

Last updated on 2020-10-29 13:48:43 CET.

Flavor Version Tinstall Tcheck Ttotal Status Flags
r-devel-linux-x86_64-debian-clang 0.91.2.2 1.86 19.44 21.30 NOTE
r-devel-linux-x86_64-debian-gcc 0.91.2.2 1.53 15.38 16.91 NOTE
r-devel-linux-x86_64-fedora-clang 0.91.2.2 34.57 NOTE
r-devel-linux-x86_64-fedora-gcc 0.91.2.2 25.29 NOTE
r-devel-windows-ix86+x86_64 0.91.2.2 4.00 36.00 40.00 NOTE
r-patched-linux-x86_64 0.91.2.2 1.95 18.76 20.71 NOTE
r-patched-solaris-x86 0.91.2.2 39.10 NOTE
r-release-linux-x86_64 0.91.2.2 1.75 18.65 20.40 NOTE
r-release-macos-x86_64 0.91.2.2 NOTE
r-release-windows-ix86+x86_64 0.91.2.2 4.00 39.00 43.00 NOTE
r-oldrel-macos-x86_64 0.91.2.2 NOTE
r-oldrel-windows-ix86+x86_64 0.91.2.2 21.00 34.00 55.00 NOTE

Check Details

Version: 0.91.2.2
Check: DESCRIPTION meta-information
Result: NOTE
    BugReports field is not a suitable URL but appears to contain an email address
     not specified by mailto: nor contained in < >
     use the Contact field instead
Flavors: r-devel-linux-x86_64-debian-clang, r-devel-linux-x86_64-debian-gcc, r-devel-linux-x86_64-fedora-clang, r-devel-linux-x86_64-fedora-gcc, r-devel-windows-ix86+x86_64, r-patched-linux-x86_64, r-patched-solaris-x86, r-release-linux-x86_64, r-release-macos-x86_64, r-release-windows-ix86+x86_64, r-oldrel-windows-ix86+x86_64

Version: 0.91.2.2
Check: DESCRIPTION meta-information
Result: NOTE
    BugReports field is not a suitable URL but appears to contain an email address
     not specified by mailto: nor contained in < >
Flavor: r-oldrel-macos-x86_64