CRAN Package Check Results for Package dropR

Last updated on 2020-05-24 22:48:02 CEST.

Flavor Version Tinstall Tcheck Ttotal Status Flags
r-devel-linux-x86_64-debian-clang 0.1 2.16 19.27 21.43 NOTE
r-devel-linux-x86_64-debian-gcc 0.1 1.68 15.56 17.24 NOTE
r-devel-linux-x86_64-fedora-clang 0.1 26.68 NOTE
r-devel-linux-x86_64-fedora-gcc 0.1 25.88 NOTE
r-devel-windows-ix86+x86_64 0.1 11.00 32.00 43.00 NOTE
r-patched-linux-x86_64 0.1 2.16 19.26 21.42 NOTE
r-patched-solaris-x86 0.1 40.70 NOTE
r-release-linux-x86_64 0.1 2.12 19.34 21.46 NOTE
r-release-osx-x86_64 0.1 NOTE
r-release-windows-ix86+x86_64 0.1 6.00 44.00 50.00 NOTE
r-oldrel-osx-x86_64 0.1 NOTE
r-oldrel-windows-ix86+x86_64 0.1 4.00 43.00 47.00 NOTE

Check Details

Version: 0.1
Check: R code for possible problems
Result: NOTE
    compute_xsq: no visible global function definition for 'chisq.test'
    Undefined global functions or variables:
     chisq.test
    Consider adding
     importFrom("stats", "chisq.test")
    to your NAMESPACE file.
Flavors: r-devel-linux-x86_64-debian-clang, r-devel-linux-x86_64-debian-gcc, r-devel-linux-x86_64-fedora-clang, r-devel-linux-x86_64-fedora-gcc, r-devel-windows-ix86+x86_64, r-patched-linux-x86_64, r-patched-solaris-x86, r-release-linux-x86_64, r-release-osx-x86_64, r-release-windows-ix86+x86_64, r-oldrel-osx-x86_64, r-oldrel-windows-ix86+x86_64