CRAN Package Check Results for Package drf

Last updated on 2020-10-28 19:47:45 CET.

Flavor Version Tinstall Tcheck Ttotal Status Flags
r-devel-linux-x86_64-debian-clang 1.0.0 118.67 65.04 183.71 NOTE
r-devel-linux-x86_64-debian-gcc 1.0.0 84.32 50.09 134.41 NOTE
r-devel-linux-x86_64-fedora-clang 1.0.0 277.13 NOTE
r-devel-linux-x86_64-fedora-gcc 1.0.0 228.31 NOTE
r-devel-windows-ix86+x86_64 1.0.0 265.00 123.00 388.00 NOTE
r-patched-linux-x86_64 1.0.0 NOTE
r-patched-solaris-x86 1.0.0 232.20 NOTE
r-release-linux-x86_64 1.0.0 109.77 59.62 169.39 NOTE
r-release-macos-x86_64 1.0.0 NOTE
r-release-windows-ix86+x86_64 1.0.0 219.00 98.00 317.00 NOTE
r-oldrel-macos-x86_64 1.0.0 NOTE
r-oldrel-windows-ix86+x86_64 1.0.0 263.00 112.00 375.00 NOTE

Check Details

Version: 1.0.0
Check: for GNU extensions in Makefiles
Result: NOTE
    GNU make is a SystemRequirements.
Flavors: r-devel-linux-x86_64-debian-clang, r-devel-linux-x86_64-debian-gcc, r-devel-linux-x86_64-fedora-clang, r-devel-linux-x86_64-fedora-gcc, r-devel-windows-ix86+x86_64, r-patched-linux-x86_64, r-patched-solaris-x86, r-release-linux-x86_64, r-release-macos-x86_64, r-release-windows-ix86+x86_64, r-oldrel-macos-x86_64, r-oldrel-windows-ix86+x86_64

Version: 1.0.0
Check: installed package size
Result: NOTE
     installed size is 6.8Mb
     sub-directories of 1Mb or more:
     libs 6.7Mb
Flavors: r-devel-linux-x86_64-fedora-clang, r-release-macos-x86_64, r-oldrel-macos-x86_64