Last updated on 2022-06-28 00:51:13 CEST.
Flavor | Version | Tinstall | Tcheck | Ttotal | Status | Flags |
---|---|---|---|---|---|---|
r-devel-linux-x86_64-debian-clang | 3.0-1 | 24.29 | 182.91 | 207.20 | NOTE | |
r-devel-linux-x86_64-debian-gcc | 3.0-1 | 18.02 | 133.34 | 151.36 | NOTE | |
r-devel-linux-x86_64-fedora-clang | 3.0-1 | 248.42 | WARN | |||
r-devel-linux-x86_64-fedora-gcc | 3.0-1 | 255.99 | WARN | |||
r-devel-windows-x86_64 | 3.0-1 | 75.00 | 210.00 | 285.00 | NOTE | |
r-patched-linux-x86_64 | 3.0-1 | 20.51 | 172.11 | 192.62 | OK | |
r-release-linux-x86_64 | 3.0-1 | 20.05 | 171.15 | 191.20 | OK | |
r-release-macos-arm64 | 3.0-1 | 62.00 | OK | |||
r-release-macos-x86_64 | 3.0-1 | 113.00 | OK | |||
r-release-windows-x86_64 | 3.0-1 | 76.00 | 215.00 | 291.00 | OK | |
r-oldrel-macos-arm64 | 3.0-1 | 79.00 | OK | |||
r-oldrel-macos-x86_64 | 3.0-1 | 101.00 | OK | |||
r-oldrel-windows-ix86+x86_64 | 3.0-1 | 43.00 | 210.00 | 253.00 | OK |
Version: 3.0-1
Check: Rd files
Result: NOTE
checkRd: (-1) EDcomp.Rd:88: Escaped LaTeX specials: \&
checkRd: (-1) LL.4.Rd:44: Escaped LaTeX specials: \&
checkRd: (-1) W4.Rd:37: Escaped LaTeX specials: \&
checkRd: (-1) algae.Rd:32: Escaped LaTeX specials: \&
checkRd: (-1) anova.drc.Rd:40: Escaped LaTeX specials: \&
checkRd: (-1) deguelin.Rd:33: Escaped LaTeX specials: \&
checkRd: (-1) gompertz.Rd:55: Escaped LaTeX specials: \&
checkRd: (-1) hatvalues.drc.Rd:44: Escaped LaTeX specials: \&
checkRd: (-1) llogistic.Rd:64: Escaped LaTeX specials: \&
checkRd: (-1) modelFit.Rd:36: Escaped LaTeX specials: \&
checkRd: (-1) weibull1.Rd:67: Escaped LaTeX specials: \&
Flavors: r-devel-linux-x86_64-debian-clang, r-devel-linux-x86_64-debian-gcc, r-devel-linux-x86_64-fedora-clang, r-devel-linux-x86_64-fedora-gcc, r-devel-windows-x86_64
Version: 3.0-1
Check: package dependencies
Result: WARN
Requires orphaned package: ‘gtools’
Flavors: r-devel-linux-x86_64-fedora-clang, r-devel-linux-x86_64-fedora-gcc