CRAN Package Check Results for Package drawsample

Last updated on 2022-08-18 18:49:57 CEST.

Flavor Version Tinstall Tcheck Ttotal Status Flags
r-devel-linux-x86_64-debian-clang 1.0.0 14.72 121.62 136.34 OK
r-devel-linux-x86_64-debian-gcc 1.0.0 10.04 90.15 100.19 OK
r-devel-linux-x86_64-fedora-clang 1.0.0 167.63 NOTE
r-devel-linux-x86_64-fedora-gcc 1.0.0 176.79 NOTE
r-devel-windows-x86_64 1.0.0 23.00 132.00 155.00 OK
r-patched-linux-x86_64 1.0.0 13.31 115.89 129.20 OK
r-release-linux-x86_64 1.0.0 OK
r-release-macos-arm64 1.0.0 44.00 NOTE
r-release-macos-x86_64 1.0.0 76.00 NOTE
r-release-windows-x86_64 1.0.0 19.00 123.00 142.00 OK
r-oldrel-macos-arm64 1.0.0 74.00 NOTE
r-oldrel-macos-x86_64 1.0.0 86.00 NOTE
r-oldrel-windows-ix86+x86_64 1.0.0 27.00 124.00 151.00 OK

Check Details

Version: 1.0.0
Check: dependencies in R code
Result: NOTE
    Namespaces in Imports field not imported from:
     ‘magrittr’ ‘purrr’ ‘rlang’
     All declared Imports should be used.
Flavors: r-devel-linux-x86_64-fedora-clang, r-devel-linux-x86_64-fedora-gcc, r-release-macos-arm64, r-release-macos-x86_64, r-oldrel-macos-arm64, r-oldrel-macos-x86_64

Version: 1.0.0
Check: Rd cross-references
Result: NOTE
    Undeclared package ‘SimMultiCorrData’ in Rd xrefs
Flavor: r-devel-linux-x86_64-fedora-clang