CRAN Package Check Results for Package drawer

Last updated on 2022-08-14 18:49:12 CEST.

Flavor Version Tinstall Tcheck Ttotal Status Flags
r-devel-linux-x86_64-debian-clang 0.2.0.0 4.38 40.83 45.21 NOTE
r-devel-linux-x86_64-debian-gcc 0.2.0.0 3.82 30.85 34.67 NOTE
r-devel-linux-x86_64-fedora-clang 0.2.0.0 63.75 OK
r-devel-linux-x86_64-fedora-gcc 0.2.0.0 66.36 NOTE
r-devel-windows-x86_64 0.2.0.0 11.00 65.00 76.00 OK
r-patched-linux-x86_64 0.2.0.0 3.61 38.20 41.81 OK
r-release-linux-x86_64 0.2.0.0 4.04 38.62 42.66 OK
r-release-macos-arm64 0.2.0.0 22.00 OK
r-release-macos-x86_64 0.2.0.0 35.00 OK
r-release-windows-x86_64 0.2.0.0 15.00 75.00 90.00 OK
r-oldrel-macos-arm64 0.2.0.0 20.00 OK
r-oldrel-macos-x86_64 0.2.0.0 29.00 OK
r-oldrel-windows-ix86+x86_64 0.2.0.0 13.00 65.00 78.00 OK

Check Details

Version: 0.2.0.0
Check: HTML version of manual
Result: NOTE
    Found the following HTML validation problems:
    canvas.html:147:49: Warning: inserting implicit <p>
    canvas.html:160:130: Warning: inserting implicit <p>
    canvas.html:147:49: Warning: trimming empty <p>
    canvas.html:160:130: Warning: trimming empty <p>
Flavors: r-devel-linux-x86_64-debian-clang, r-devel-linux-x86_64-debian-gcc, r-devel-linux-x86_64-fedora-gcc