CRAN Package Check Results for Package dr

Last updated on 2020-10-25 22:48:12 CET.

Flavor Version Tinstall Tcheck Ttotal Status Flags
r-devel-linux-x86_64-debian-clang 3.0.10 5.04 65.06 70.10 OK
r-devel-linux-x86_64-debian-gcc 3.0.10 3.95 45.35 49.30 OK
r-devel-linux-x86_64-fedora-clang 3.0.10 88.83 OK
r-devel-linux-x86_64-fedora-gcc 3.0.10 78.43 OK
r-devel-windows-ix86+x86_64 3.0.10 9.00 80.00 89.00 OK
r-patched-linux-x86_64 3.0.10 4.40 59.23 63.63 OK
r-patched-solaris-x86 3.0.10 101.90 OK
r-release-linux-x86_64 3.0.10 4.87 59.20 64.07 OK
r-release-macos-x86_64 3.0.10 FAIL
r-release-windows-ix86+x86_64 3.0.10 7.00 58.00 65.00 OK
r-oldrel-macos-x86_64 3.0.10 OK
r-oldrel-windows-ix86+x86_64 3.0.10 11.00 57.00 68.00 OK

Check Details

Version: 3.0.10
Check: PDF version of manual
Result: FAIL
Flavor: r-release-macos-x86_64