CRAN Package Check Results for Package dpseg

Last updated on 2022-08-19 12:54:35 CEST.

Flavor Version Tinstall Tcheck Ttotal Status Flags
r-devel-linux-x86_64-debian-clang 0.1.1 24.38 56.53 80.91 OK
r-devel-linux-x86_64-debian-gcc 0.1.1 19.89 43.36 63.25 OK
r-devel-linux-x86_64-fedora-clang 0.1.1 111.71 NOTE
r-devel-linux-x86_64-fedora-gcc 0.1.1 111.52 OK
r-devel-windows-x86_64 0.1.1 27.00 109.00 136.00 OK
r-patched-linux-x86_64 0.1.1 17.44 54.02 71.46 OK
r-release-linux-x86_64 0.1.1 OK
r-release-macos-arm64 0.1.1 34.00 OK
r-release-macos-x86_64 0.1.1 45.00 OK
r-release-windows-x86_64 0.1.1 28.00 122.00 150.00 OK
r-oldrel-macos-arm64 0.1.1 37.00 OK
r-oldrel-macos-x86_64 0.1.1 64.00 OK
r-oldrel-windows-ix86+x86_64 0.1.1 58.00 111.00 169.00 OK

Check Details

Version: 0.1.1
Check: Rd cross-references
Result: NOTE
    Undeclared package ‘RcppEigen’ in Rd xrefs
Flavor: r-devel-linux-x86_64-fedora-clang