CRAN Package Check Results for Package dparser

Last updated on 2020-05-27 07:50:55 CEST.

Flavor Version Tinstall Tcheck Ttotal Status Flags
r-devel-linux-x86_64-debian-clang 0.1.8 15.61 33.95 49.56 NOTE
r-devel-linux-x86_64-debian-gcc 0.1.8 10.67 26.57 37.24 NOTE
r-devel-linux-x86_64-fedora-clang 0.1.8 62.03 NOTE
r-devel-linux-x86_64-fedora-gcc 0.1.8 57.58 NOTE
r-devel-windows-ix86+x86_64 0.1.8 49.00 111.00 160.00 OK
r-patched-linux-x86_64 0.1.8 11.47 33.08 44.55 NOTE
r-patched-solaris-x86 0.1.8 71.70 NOTE
r-release-linux-x86_64 0.1.8 11.72 33.34 45.06 NOTE
r-release-osx-x86_64 0.1.8 OK
r-release-windows-ix86+x86_64 0.1.8 35.00 102.00 137.00 OK
r-oldrel-osx-x86_64 0.1.8 OK
r-oldrel-windows-ix86+x86_64 0.1.8 55.00 83.00 138.00 OK

Additional issues

clang-UBSAN gcc-UBSAN

Check Details

Version: 0.1.8
Check: for non-standard things in the check directory
Result: NOTE
    Found the following files/directories:
     'ansic_gram.c'
Flavors: r-devel-linux-x86_64-debian-clang, r-devel-linux-x86_64-debian-gcc, r-devel-linux-x86_64-fedora-clang, r-devel-linux-x86_64-fedora-gcc, r-patched-linux-x86_64, r-patched-solaris-x86, r-release-linux-x86_64