CRAN Package Check Results for Package downscaledl

Last updated on 2022-10-06 21:49:51 CEST.

Flavor Version Tinstall Tcheck Ttotal Status Flags
r-devel-linux-x86_64-debian-clang 1.0 29.87 60.16 90.03 NOTE
r-devel-linux-x86_64-debian-gcc 1.0 24.14 44.56 68.70 NOTE
r-devel-linux-x86_64-fedora-clang 1.0 131.87 NOTE
r-devel-linux-x86_64-fedora-gcc 1.0 119.24 NOTE
r-devel-windows-x86_64 1.0 37.00 120.00 157.00 NOTE
r-patched-linux-x86_64 1.0 22.82 55.99 78.81 NOTE
r-release-linux-x86_64 1.0 22.08 56.70 78.78 NOTE
r-release-macos-arm64 1.0 35.00 NOTE
r-release-macos-x86_64 1.0 61.00 NOTE
r-release-windows-x86_64 1.0 43.00 107.00 150.00 NOTE
r-oldrel-macos-arm64 1.0 37.00 NOTE
r-oldrel-macos-x86_64 1.0 50.00 NOTE
r-oldrel-windows-ix86+x86_64 1.0 84.00 122.00 206.00 NOTE

Check Details

Version: 1.0
Check: LazyData
Result: NOTE
     'LazyData' is specified without a 'data' directory
Flavors: r-devel-linux-x86_64-debian-clang, r-devel-linux-x86_64-debian-gcc, r-devel-linux-x86_64-fedora-clang, r-devel-linux-x86_64-fedora-gcc, r-devel-windows-x86_64, r-patched-linux-x86_64, r-release-linux-x86_64, r-release-macos-arm64, r-release-macos-x86_64, r-release-windows-x86_64, r-oldrel-macos-arm64, r-oldrel-macos-x86_64, r-oldrel-windows-ix86+x86_64

Version: 1.0
Check: dependencies in R code
Result: NOTE
    Namespaces in Imports field not imported from:
     ‘dplyr’ ‘parallel’ ‘rgdal’ ‘sp’ ‘tensorflow’
     All declared Imports should be used.
Flavors: r-devel-linux-x86_64-fedora-clang, r-devel-linux-x86_64-fedora-gcc, r-release-macos-arm64, r-release-macos-x86_64, r-oldrel-macos-arm64, r-oldrel-macos-x86_64