CRAN Package Check Results for Package doc2vec

Last updated on 2022-09-26 00:50:29 CEST.

Flavor Version Tinstall Tcheck Ttotal Status Flags
r-devel-linux-x86_64-debian-clang 0.2.0 119.22 57.32 176.54 OK
r-devel-linux-x86_64-debian-gcc 0.2.0 93.47 40.87 134.34 OK
r-devel-linux-x86_64-fedora-clang 0.2.0 270.54 NOTE
r-devel-linux-x86_64-fedora-gcc 0.2.0 242.21 NOTE
r-devel-windows-x86_64 0.2.0 96.00 106.00 202.00 NOTE
r-patched-linux-x86_64 0.2.0 102.51 56.22 158.73 OK
r-release-linux-x86_64 0.2.0 100.47 55.86 156.33 OK
r-release-macos-arm64 0.2.0 62.00 NOTE
r-release-macos-x86_64 0.2.0 87.00 NOTE
r-release-windows-x86_64 0.2.0 96.00 117.00 213.00 NOTE
r-oldrel-macos-arm64 0.2.0 64.00 NOTE
r-oldrel-macos-x86_64 0.2.0 142.00 NOTE
r-oldrel-windows-ix86+x86_64 0.2.0 281.00 139.00 420.00 NOTE

Check Details

Version: 0.2.0
Check: installed package size
Result: NOTE
     installed size is 5.3Mb
     sub-directories of 1Mb or more:
     data 4.8Mb
Flavors: r-devel-linux-x86_64-fedora-clang, r-devel-windows-x86_64, r-release-macos-arm64, r-release-macos-x86_64, r-release-windows-x86_64, r-oldrel-macos-arm64, r-oldrel-macos-x86_64, r-oldrel-windows-ix86+x86_64

Version: 0.2.0
Check: data for non-ASCII characters
Result: NOTE
     Note: found 9796 marked UTF-8 strings
Flavors: r-devel-linux-x86_64-fedora-clang, r-devel-linux-x86_64-fedora-gcc, r-release-macos-arm64, r-release-macos-x86_64, r-oldrel-macos-arm64, r-oldrel-macos-x86_64