Last updated on 2023-09-29 12:56:55 CEST.
Flavor | Version | Tinstall | Tcheck | Ttotal | Status | Flags |
---|---|---|---|---|---|---|
r-devel-linux-x86_64-debian-clang | 0.2.0 | 119.75 | 55.51 | 175.26 | NOTE | |
r-devel-linux-x86_64-debian-gcc | 0.2.0 | 82.23 | 39.85 | 122.08 | NOTE | |
r-devel-linux-x86_64-fedora-clang | 0.2.0 | 282.55 | NOTE | |||
r-devel-linux-x86_64-fedora-gcc | 0.2.0 | 271.30 | NOTE | |||
r-devel-windows-x86_64 | 0.2.0 | 77.00 | 81.00 | 158.00 | NOTE | |
r-patched-linux-x86_64 | 0.2.0 | 117.91 | 54.98 | 172.89 | NOTE | |
r-release-linux-x86_64 | 0.2.0 | 115.74 | 54.29 | 170.03 | NOTE | |
r-release-macos-arm64 | 0.2.0 | 67.00 | NOTE | |||
r-release-macos-x86_64 | 0.2.0 | 116.00 | NOTE | |||
r-release-windows-x86_64 | 0.2.0 | 85.00 | 100.00 | 185.00 | NOTE | |
r-oldrel-macos-arm64 | 0.2.0 | 66.00 | NOTE | |||
r-oldrel-macos-x86_64 | 0.2.0 | 87.00 | NOTE | |||
r-oldrel-windows-x86_64 | 0.2.0 | 113.00 | 97.00 | 210.00 | NOTE |
Version: 0.2.0
Check: C++ specification
Result: NOTE
Specified C++11: please drop specification unless essential
Flavors: r-devel-linux-x86_64-debian-clang, r-devel-linux-x86_64-debian-gcc, r-devel-linux-x86_64-fedora-clang, r-devel-linux-x86_64-fedora-gcc, r-devel-windows-x86_64, r-patched-linux-x86_64, r-release-linux-x86_64, r-release-macos-arm64, r-release-macos-x86_64, r-release-windows-x86_64
Version: 0.2.0
Check: installed package size
Result: NOTE
installed size is 5.2Mb
sub-directories of 1Mb or more:
data 4.8Mb
Flavors: r-devel-linux-x86_64-fedora-clang, r-devel-windows-x86_64, r-release-macos-arm64, r-release-macos-x86_64, r-release-windows-x86_64, r-oldrel-macos-arm64, r-oldrel-macos-x86_64, r-oldrel-windows-x86_64
Version: 0.2.0
Check: data for non-ASCII characters
Result: NOTE
Note: found 9796 marked UTF-8 strings
Flavors: r-devel-linux-x86_64-fedora-clang, r-devel-linux-x86_64-fedora-gcc, r-oldrel-macos-x86_64