CRAN Package Check Results for Package doRNG

Last updated on 2024-03-04 06:48:13 CET.

Flavor Version Tinstall Tcheck Ttotal Status Flags
r-devel-linux-x86_64-debian-clang 1.8.6 2.69 54.13 56.82 OK
r-devel-linux-x86_64-debian-gcc 1.8.6 1.91 43.20 45.11 OK
r-devel-linux-x86_64-fedora-clang 1.8.6 77.04 OK
r-devel-linux-x86_64-fedora-gcc 1.8.6 80.50 OK
r-devel-windows-x86_64 1.8.6 3.00 97.00 100.00 OK
r-patched-linux-x86_64 1.8.6 5.04 53.11 58.15 OK
r-release-linux-x86_64 1.8.6 2.42 53.32 55.74 OK
r-release-macos-arm64 1.8.6 89.00 NOTE
r-release-macos-x86_64 1.8.6 145.00 NOTE
r-release-windows-x86_64 1.8.6 4.00 99.00 103.00 OK
r-oldrel-macos-arm64 1.8.6 84.00 NOTE
r-oldrel-windows-x86_64 1.8.6 4.00 102.00 106.00 OK

Check Details

Version: 1.8.6
Check: package dependencies
Result: NOTE Package suggested but not available for checking: ‘doMPI’ Flavors: r-release-macos-arm64, r-release-macos-x86_64, r-oldrel-macos-arm64

Version: 1.8.6
Check: Rd cross-references
Result: NOTE Package unavailable to check Rd xrefs: ‘doMPI’ Flavors: r-release-macos-arm64, r-release-macos-x86_64, r-oldrel-macos-arm64