CRAN Package Check Results for Package doMPI

Last updated on 2020-09-22 14:04:55 CEST.

Flavor Version Tinstall Tcheck Ttotal Status Flags
r-devel-linux-x86_64-debian-clang 0.2.2 4.12 31.98 36.10 OK
r-devel-linux-x86_64-debian-gcc 0.2.2 3.00 26.42 29.42 OK
r-devel-linux-x86_64-fedora-clang 0.2.2 51.04 OK
r-devel-linux-x86_64-fedora-gcc 0.2.2 41.80 OK
r-devel-windows-ix86+x86_64 0.2.2 6.00 44.00 50.00 OK
r-patched-linux-x86_64 0.2.2 3.92 32.24 36.16 OK
r-patched-solaris-x86 0.2.2 60.70 OK
r-release-linux-x86_64 0.2.2 3.86 32.16 36.02 OK
r-release-macos-x86_64 0.2.2 ERROR
r-release-windows-ix86+x86_64 0.2.2 7.00 45.00 52.00 OK
r-oldrel-macos-x86_64 0.2.2 ERROR
r-oldrel-windows-ix86+x86_64 0.2.2 4.00 48.00 52.00 OK

Check Details

Version: 0.2.2
Check: package dependencies
Result: ERROR
    Package required but not available: ‘Rmpi’
    
    See section ‘The DESCRIPTION file’ in the ‘Writing R Extensions’
    manual.
Flavors: r-release-macos-x86_64, r-oldrel-macos-x86_64