CRAN Package Check Results for Package doMPI

Last updated on 2022-10-01 01:49:02 CEST.

Flavor Version Tinstall Tcheck Ttotal Status Flags
r-devel-linux-x86_64-debian-clang 0.2.2 3.91 37.59 41.50 OK
r-devel-linux-x86_64-debian-gcc 0.2.2 3.24 29.47 32.71 OK
r-devel-linux-x86_64-fedora-clang 0.2.2 66.30 OK
r-devel-linux-x86_64-fedora-gcc 0.2.2 63.36 OK
r-devel-windows-x86_64 0.2.2 20.00 71.00 91.00 OK
r-patched-linux-x86_64 0.2.2 4.09 36.94 41.03 OK
r-release-linux-x86_64 0.2.2 3.99 36.31 40.30 OK
r-release-macos-arm64 0.2.2 5.00 ERROR
r-release-macos-x86_64 0.2.2 7.00 ERROR
r-release-windows-x86_64 0.2.2 21.00 69.00 90.00 OK
r-oldrel-macos-arm64 0.2.2 10.00 ERROR
r-oldrel-macos-x86_64 0.2.2 12.00 ERROR
r-oldrel-windows-ix86+x86_64 0.2.2 7.00 62.00 69.00 OK

Check Details

Version: 0.2.2
Check: package dependencies
Result: ERROR
    Package required but not available: ‘Rmpi’
    
    See section ‘The DESCRIPTION file’ in the ‘Writing R Extensions’
    manual.
Flavors: r-release-macos-arm64, r-release-macos-x86_64, r-oldrel-macos-arm64, r-oldrel-macos-x86_64