CRAN Package Check Results for Package dmtools

Last updated on 2022-08-10 21:53:40 CEST.

Flavor Version Tinstall Tcheck Ttotal Status Flags
r-devel-linux-x86_64-debian-clang 0.2.6 4.29 52.82 57.11 NOTE
r-devel-linux-x86_64-debian-gcc 0.2.6 3.34 40.31 43.65 NOTE
r-devel-linux-x86_64-fedora-clang 0.2.6 77.48 NOTE
r-devel-linux-x86_64-fedora-gcc 0.2.6 80.84 NOTE
r-devel-windows-x86_64 0.2.6 23.00 84.00 107.00 NOTE
r-patched-linux-x86_64 0.2.6 3.11 49.98 53.09 NOTE
r-release-linux-x86_64 0.2.6 NOTE
r-release-macos-arm64 0.2.6 27.00 NOTE
r-release-macos-x86_64 0.2.6 51.00 NOTE
r-release-windows-x86_64 0.2.6 8.00 87.00 95.00 NOTE
r-oldrel-macos-arm64 0.2.6 31.00 NOTE
r-oldrel-macos-x86_64 0.2.6 47.00 NOTE
r-oldrel-windows-ix86+x86_64 0.2.6 10.00 78.00 88.00 NOTE

Check Details

Version: 0.2.6
Check: LazyData
Result: NOTE
     'LazyData' is specified without a 'data' directory
Flavors: r-devel-linux-x86_64-debian-clang, r-devel-linux-x86_64-debian-gcc, r-devel-linux-x86_64-fedora-clang, r-devel-linux-x86_64-fedora-gcc, r-devel-windows-x86_64, r-patched-linux-x86_64, r-release-linux-x86_64, r-release-macos-arm64, r-release-macos-x86_64, r-release-windows-x86_64, r-oldrel-macos-arm64, r-oldrel-macos-x86_64, r-oldrel-windows-ix86+x86_64