Last updated on 2022-08-10 12:56:15 CEST.
Flavor | Version | Tinstall | Tcheck | Ttotal | Status | Flags |
---|---|---|---|---|---|---|
r-devel-linux-x86_64-debian-clang | 1.3.3 | 10.77 | 151.82 | 162.59 | NOTE | |
r-devel-linux-x86_64-debian-gcc | 1.3.3 | 8.95 | 110.33 | 119.28 | NOTE | |
r-devel-linux-x86_64-fedora-clang | 1.3.3 | 205.21 | OK | |||
r-devel-linux-x86_64-fedora-gcc | 1.3.3 | 190.37 | OK | |||
r-devel-windows-x86_64 | 1.3.3 | 92.00 | 183.00 | 275.00 | OK | |
r-patched-linux-x86_64 | 1.3.3 | 9.51 | 140.32 | 149.83 | OK | |
r-release-linux-x86_64 | 1.3.3 | OK | ||||
r-release-macos-arm64 | 1.3.3 | 68.00 | OK | |||
r-release-macos-x86_64 | 1.3.3 | 88.00 | OK | |||
r-release-windows-x86_64 | 1.3.3 | 17.00 | 185.00 | 202.00 | OK | |
r-oldrel-macos-arm64 | 1.3.3 | 54.00 | OK | |||
r-oldrel-macos-x86_64 | 1.3.3 | 83.00 | OK | |||
r-oldrel-windows-ix86+x86_64 | 1.3.3 | 29.00 | 201.00 | 230.00 | OK |
Version: 1.3.3
Check: HTML version of manual
Result: NOTE
Found the following HTML validation problems:
make_index.html:92:55: Warning: nested emphasis <b>
Flavors: r-devel-linux-x86_64-debian-clang, r-devel-linux-x86_64-debian-gcc