CRAN Package Check Results for Package dkanr

Last updated on 2022-10-02 18:50:46 CEST.

Flavor Version Tinstall Tcheck Ttotal Status Flags
r-devel-linux-x86_64-debian-clang 0.1.3 3.10 77.84 80.94 NOTE
r-devel-linux-x86_64-debian-gcc 0.1.3 2.69 58.14 60.83 NOTE
r-devel-linux-x86_64-fedora-clang 0.1.3 110.99 NOTE
r-devel-linux-x86_64-fedora-gcc 0.1.3 105.26 NOTE
r-devel-windows-x86_64 0.1.3 484.00 137.00 621.00 NOTE
r-patched-linux-x86_64 0.1.3 4.66 73.20 77.86 NOTE
r-release-linux-x86_64 0.1.3 4.02 73.86 77.88 NOTE
r-release-macos-arm64 0.1.3 35.00 NOTE
r-release-macos-x86_64 0.1.3 59.00 NOTE
r-release-windows-x86_64 0.1.3 403.00 131.00 534.00 NOTE
r-oldrel-macos-arm64 0.1.3 38.00 NOTE
r-oldrel-macos-x86_64 0.1.3 61.00 NOTE
r-oldrel-windows-ix86+x86_64 0.1.3 7.00 128.00 135.00 NOTE

Check Details

Version: 0.1.3
Check: LazyData
Result: NOTE
     'LazyData' is specified without a 'data' directory
Flavors: r-devel-linux-x86_64-debian-clang, r-devel-linux-x86_64-debian-gcc, r-devel-linux-x86_64-fedora-clang, r-devel-linux-x86_64-fedora-gcc, r-devel-windows-x86_64, r-patched-linux-x86_64, r-release-linux-x86_64, r-release-macos-arm64, r-release-macos-x86_64, r-release-windows-x86_64, r-oldrel-macos-arm64, r-oldrel-macos-x86_64, r-oldrel-windows-ix86+x86_64