CRAN Package Check Results for Package diverse

Last updated on 2024-06-13 06:57:59 CEST.

Flavor Version Tinstall Tcheck Ttotal Status Flags
r-devel-linux-x86_64-debian-clang 0.1.5 4.35 40.88 45.23 OK
r-devel-linux-x86_64-debian-gcc 0.1.5 0.22 1.54 1.76 ERROR
r-devel-linux-x86_64-fedora-clang 0.1.5 57.33 OK
r-devel-linux-x86_64-fedora-gcc 0.1.5 54.07 OK
r-devel-windows-x86_64 0.1.5 5.00 53.00 58.00 OK
r-patched-linux-x86_64 0.1.5 4.39 38.90 43.29 OK
r-release-linux-x86_64 0.1.5 3.43 39.16 42.59 OK
r-release-macos-arm64 0.1.5 21.00 OK
r-release-macos-x86_64 0.1.5 33.00 OK
r-release-windows-x86_64 0.1.5 5.00 54.00 59.00 OK
r-oldrel-macos-arm64 0.1.5 22.00 OK
r-oldrel-macos-x86_64 0.1.5 30.00 OK
r-oldrel-windows-x86_64 0.1.5 5.00 62.00 67.00 OK

Check Details

Version: 0.1.5
Check: package dependencies
Result: ERROR Package required but not available: ‘reshape2’ Packages suggested but not available for checking: 'igraph', 'entropart' See section ‘The DESCRIPTION file’ in the ‘Writing R Extensions’ manual. Flavor: r-devel-linux-x86_64-debian-gcc