Last updated on 2022-08-17 06:51:15 CEST.
Flavor | Version | Tinstall | Tcheck | Ttotal | Status | Flags |
---|---|---|---|---|---|---|
r-devel-linux-x86_64-debian-clang | 0.3.1 | 13.50 | 100.07 | 113.57 | OK | |
r-devel-linux-x86_64-debian-gcc | 0.3.1 | OK | ||||
r-devel-linux-x86_64-fedora-clang | 0.3.1 | 149.23 | NOTE | |||
r-devel-linux-x86_64-fedora-gcc | 0.3.1 | 145.83 | NOTE | |||
r-devel-windows-x86_64 | 0.3.1 | 62.00 | 113.00 | 175.00 | OK | |
r-patched-linux-x86_64 | 0.3.1 | 7.65 | 91.78 | 99.43 | OK | |
r-release-linux-x86_64 | 0.3.1 | 8.10 | 93.71 | 101.81 | OK | |
r-release-macos-arm64 | 0.3.1 | 39.00 | NOTE | |||
r-release-macos-x86_64 | 0.3.1 | 64.00 | NOTE | |||
r-release-windows-x86_64 | 0.3.1 | 62.00 | 120.00 | 182.00 | OK | |
r-oldrel-macos-arm64 | 0.3.1 | 39.00 | NOTE | |||
r-oldrel-macos-x86_64 | 0.3.1 | 74.00 | NOTE | |||
r-oldrel-windows-ix86+x86_64 | 0.3.1 | 28.00 | 126.00 | 154.00 | OK |
Version: 0.3.1
Check: dependencies in R code
Result: NOTE
Namespaces in Imports field not imported from:
‘gridExtra’ ‘plotly’ ‘pryr’ ‘rpart’
All declared Imports should be used.
Flavors: r-devel-linux-x86_64-fedora-clang, r-devel-linux-x86_64-fedora-gcc, r-release-macos-arm64, r-release-macos-x86_64, r-oldrel-macos-arm64, r-oldrel-macos-x86_64