CRAN Package Check Results for Package distrRmetrics

Last updated on 2022-10-01 07:07:55 CEST.

Flavor Version Tinstall Tcheck Ttotal Status Flags
r-devel-linux-x86_64-debian-clang 2.8.0 15.63 120.41 136.04 OK
r-devel-linux-x86_64-debian-gcc 2.8.0 11.62 88.72 100.34 OK
r-devel-linux-x86_64-fedora-clang 2.8.0 179.11 OK
r-devel-linux-x86_64-fedora-gcc 2.8.0 173.73 OK
r-devel-windows-x86_64 2.8.0 32.00 138.00 170.00 OK
r-patched-linux-x86_64 2.8.0 15.69 111.13 126.82 OK
r-release-linux-x86_64 2.8.0 12.68 114.27 126.95 OK
r-release-macos-arm64 2.8.0 31.00 OK
r-release-macos-x86_64 2.8.0 45.00 NOTE
r-release-windows-x86_64 2.8.0 34.00 135.00 169.00 OK
r-oldrel-macos-arm64 2.8.0 37.00 OK
r-oldrel-macos-x86_64 2.8.0 63.00 OK
r-oldrel-windows-ix86+x86_64 2.8.0 30.00 129.00 159.00 OK

Check Details

Version: 2.8.0
Check: package dependencies
Result: NOTE
    Package suggested but not available for checking: ‘distrEx’
Flavor: r-release-macos-x86_64