CRAN Package Check Results for Package distrMod

Last updated on 2024-05-20 00:51:50 CEST.

Flavor Version Tinstall Tcheck Ttotal Status Flags
r-devel-linux-x86_64-debian-clang 2.9.1 57.27 233.30 290.57 OK
r-devel-linux-x86_64-debian-gcc 2.9.1 41.97 164.91 206.88 OK
r-devel-linux-x86_64-fedora-clang 2.9.1 362.35 NOTE
r-devel-linux-x86_64-fedora-gcc 2.9.1 405.55 OK
r-devel-windows-x86_64 2.9.1 38.00 228.00 266.00 OK
r-patched-linux-x86_64 2.9.1 55.13 220.12 275.25 OK
r-release-linux-x86_64 2.9.1 43.97 221.73 265.70 OK
r-release-macos-arm64 2.9.1 87.00 OK
r-release-macos-x86_64 2.9.1 260.00 NOTE
r-release-windows-x86_64 2.9.1 41.00 227.00 268.00 OK
r-oldrel-macos-arm64 2.9.1 101.00 OK
r-oldrel-macos-x86_64 2.9.1 207.00 OK
r-oldrel-windows-x86_64 2.9.1 55.00 260.00 315.00 OK

Check Details

Version: 2.9.1
Check: Rd cross-references
Result: NOTE Undeclared package ‘RobAStBase’ in Rd xrefs Flavor: r-devel-linux-x86_64-fedora-clang

Version: 2.9.1
Check: package dependencies
Result: NOTE Package which this enhances but not available for checking: ‘RobExtremes’ Flavor: r-release-macos-x86_64

Version: 2.9.1
Check: Rd cross-references
Result: NOTE Unknown package ‘RobAStBase’ in Rd xrefs Flavor: r-release-macos-x86_64