CRAN Package Check Results for Package distrMod

Last updated on 2022-12-10 00:49:50 CET.

Flavor Version Tinstall Tcheck Ttotal Status Flags
r-devel-linux-x86_64-debian-clang 2.9.0 49.72 244.84 294.56 OK
r-devel-linux-x86_64-debian-gcc 2.9.0 38.63 189.44 228.07 OK
r-devel-linux-x86_64-fedora-clang 2.9.0 364.91 NOTE
r-devel-linux-x86_64-fedora-gcc 2.9.0 355.39 OK
r-devel-windows-x86_64 2.9.0 143.00 409.00 552.00 OK
r-patched-linux-x86_64 2.9.0 48.51 206.65 255.16 OK
r-release-linux-x86_64 2.9.0 45.76 207.33 253.09 OK
r-release-macos-arm64 2.9.0 103.00 OK
r-release-macos-x86_64 2.9.0 117.00 OK
r-release-windows-x86_64 2.9.0 164.00 321.00 485.00 OK
r-oldrel-macos-arm64 2.9.0 103.00 OK
r-oldrel-macos-x86_64 2.9.0 115.00 OK
r-oldrel-windows-ix86+x86_64 2.9.0 84.00 253.00 337.00 OK

Check Details

Version: 2.9.0
Check: Rd cross-references
Result: NOTE
    Undeclared package ‘RobAStBase’ in Rd xrefs
Flavor: r-devel-linux-x86_64-fedora-clang