CRAN Package Check Results for Package distrDoc

Last updated on 2020-06-01 13:49:33 CEST.

Flavor Version Tinstall Tcheck Ttotal Status Flags
r-devel-linux-x86_64-debian-clang 2.8.0 8.59 141.74 150.33 OK
r-devel-linux-x86_64-debian-gcc 2.8.0 8.65 107.31 115.96 OK
r-devel-linux-x86_64-fedora-clang 2.8.0 188.92 OK
r-devel-linux-x86_64-fedora-gcc 2.8.0 178.14 OK
r-devel-windows-ix86+x86_64 2.8.0 27.00 193.00 220.00 OK
r-patched-linux-x86_64 2.8.0 10.60 139.79 150.39 OK
r-patched-solaris-x86 2.8.0 241.90 OK
r-release-linux-x86_64 2.8.0 10.63 139.26 149.89 OK
r-release-osx-x86_64 2.8.0 OK
r-release-windows-ix86+x86_64 2.8.0 21.00 192.00 213.00 OK
r-oldrel-osx-x86_64 2.8.0 NOTE
r-oldrel-windows-ix86+x86_64 2.8.0 18.00 147.00 165.00 OK

Check Details

Version: 2.8.0
Check: package dependencies
Result: NOTE
    Package suggested but not available for checking: ‘Biobase’
Flavor: r-oldrel-osx-x86_64