CRAN Package Check Results for Package disto

Last updated on 2022-08-14 06:51:44 CEST.

Flavor Version Tinstall Tcheck Ttotal Status Flags
r-devel-linux-x86_64-debian-clang 0.2.0 2.34 42.72 45.06 NOTE
r-devel-linux-x86_64-debian-gcc 0.2.0 2.40 32.26 34.66 NOTE
r-devel-linux-x86_64-fedora-clang 0.2.0 64.55 NOTE
r-devel-linux-x86_64-fedora-gcc 0.2.0 66.82 NOTE
r-devel-windows-x86_64 0.2.0 13.00 78.00 91.00 NOTE
r-patched-linux-x86_64 0.2.0 2.86 39.91 42.77 OK
r-release-linux-x86_64 0.2.0 3.06 40.65 43.71 OK
r-release-macos-arm64 0.2.0 23.00 NOTE
r-release-macos-x86_64 0.2.0 36.00 NOTE
r-release-windows-x86_64 0.2.0 11.00 76.00 87.00 OK
r-oldrel-macos-arm64 0.2.0 30.00 NOTE
r-oldrel-macos-x86_64 0.2.0 37.00 NOTE
r-oldrel-windows-ix86+x86_64 0.2.0 10.00 75.00 85.00 OK

Check Details

Version: 0.2.0
Check: package subdirectories
Result: NOTE
    Problems with news in 'NEWS.md':
    No news entries found.
Flavors: r-devel-linux-x86_64-debian-clang, r-devel-linux-x86_64-debian-gcc, r-devel-linux-x86_64-fedora-clang, r-devel-linux-x86_64-fedora-gcc, r-devel-windows-x86_64

Version: 0.2.0
Check: dependencies in R code
Result: NOTE
    Namespaces in Imports field not imported from:
     ‘dplyr’ ‘proxy’
     All declared Imports should be used.
Flavors: r-devel-linux-x86_64-fedora-clang, r-devel-linux-x86_64-fedora-gcc, r-release-macos-arm64, r-release-macos-x86_64, r-oldrel-macos-arm64, r-oldrel-macos-x86_64