CRAN Package Check Results for Package dismo

Last updated on 2022-08-15 01:50:50 CEST.

Flavor Version Tinstall Tcheck Ttotal Status Flags
r-devel-linux-x86_64-debian-clang 1.3-8 67.23 344.37 411.60 OK
r-devel-linux-x86_64-debian-gcc 1.3-8 49.65 245.98 295.63 OK
r-devel-linux-x86_64-fedora-clang 1.3-8 470.54 NOTE
r-devel-linux-x86_64-fedora-gcc 1.3-8 467.09 NOTE
r-devel-windows-x86_64 1.3-8 89.00 335.00 424.00 OK --no-vignettes
r-patched-linux-x86_64 1.3-8 59.42 324.02 383.44 OK
r-release-linux-x86_64 1.3-8 45.20 325.06 370.26 OK
r-release-macos-arm64 1.3-8 105.00 NOTE
r-release-macos-x86_64 1.3-8 6.00 ERROR
r-release-windows-x86_64 1.3-8 103.00 339.00 442.00 OK --no-vignettes
r-oldrel-macos-arm64 1.3-8 94.00 NOTE
r-oldrel-macos-x86_64 1.3-8 12.00 ERROR
r-oldrel-windows-ix86+x86_64 1.3-8 124.00 391.00 515.00 ERROR --no-vignettes

Check Details

Version: 1.3-8
Check: data for non-ASCII characters
Result: NOTE
     Note: found 106 marked UTF-8 strings
Flavors: r-devel-linux-x86_64-fedora-clang, r-devel-linux-x86_64-fedora-gcc, r-release-macos-arm64, r-oldrel-macos-arm64

Version: 1.3-8
Check: package dependencies
Result: ERROR
    Package required and available but unsuitable version: ‘terra’
    
    See section ‘The DESCRIPTION file’ in the ‘Writing R Extensions’
    manual.
Flavors: r-release-macos-x86_64, r-oldrel-macos-x86_64

Version: 1.3-8
Flags: --no-vignettes
Check: running examples for arch ‘i386’
Result: ERROR
    Running examples in 'dismo-Ex.R' failed
    The error most likely occurred in:
    
    > ### Name: circleHull
    > ### Title: Circle hull model
    > ### Aliases: circleHull circleHull,SpatialPoints-method
    > ### circleHull,matrix-method circleHull,data.frame-method
    > ### CircleHull-class
    > ### Keywords: spatial
    >
    > ### ** Examples
    >
    > r <- raster(system.file("external/rlogo.grd", package="raster"))
    > #presence data
    > pts <- matrix(c(17, 42, 85, 70, 19, 53, 26, 84, 84, 46, 48, 85, 4, 95, 48, 54, 66,
    + 74, 50, 48, 28, 73, 38, 56, 43, 29, 63, 22, 46, 45, 7, 60, 46, 34, 14, 51, 70, 31, 39, 26), ncol=2)
    > train <- pts[1:12, ]
    > test <- pts[13:20, ]
    >
    > ch <- circleHull(train)
    Error in sp::CRS(...) :
     PROJ4 argument-value pairs must begin with +: PROJCRS["unknown",
     BASEGEOGCRS["unknown",
     DATUM["World Geodetic System 1984",
     ELLIPSOID["WGS 84",6378137,298.257223563,
     LENGTHUNIT["metre",1]],
     ID["EPSG",6326]],
     PRIMEM["Greenwich",0,
     ANGLEUNIT["degree",0.0174532925199433],
     ID["EPSG",8901]]],
     CONVERSION["UTM zone 1N",
     METHOD["Transverse Mercator",
     ID["EPSG",9807]],
     PARAMETER["Latitude of natural origin",0,
     ID["EPSG",8801]],
     PARAMETER["Longitude origin",-177,
     ID["EPSG",8802]],
     PARAMETER["Scale factor at origin",0.9996,
     SCALEUNIT["unity",1],
     ID["EPSG",8805]],
     PARAMETER["False easting",500000,
     LENGTHUNIT["metre",1],
     ID["EPSG",8806]],
     northing",0,
     ID["EPSG",8807]],
     ID["EPSG",16001]],
     CS[Cartesian,2],
     AXIS["(E)",east,
     ORDER[1],
     LENGTHUNIT["metre",1,
     ID["EPSG",9001]]],
     AXIS["(N)",north,
     ORDER[2],
     ID["EPSG",9001]]]]
    Calls: circleHull ... asMethod -> geom -> geom -> .local -> crs<- -> crs<- -> .CRS
    Execution halted
Flavor: r-oldrel-windows-ix86+x86_64

Version: 1.3-8
Flags: --no-vignettes
Check: running examples for arch ‘x64’
Result: ERROR
    Running examples in 'dismo-Ex.R' failed
    The error most likely occurred in:
    
    > ### Name: circleHull
    > ### Title: Circle hull model
    > ### Aliases: circleHull circleHull,SpatialPoints-method
    > ### circleHull,matrix-method circleHull,data.frame-method
    > ### CircleHull-class
    > ### Keywords: spatial
    >
    > ### ** Examples
    >
    > r <- raster(system.file("external/rlogo.grd", package="raster"))
    > #presence data
    > pts <- matrix(c(17, 42, 85, 70, 19, 53, 26, 84, 84, 46, 48, 85, 4, 95, 48, 54, 66,
    + 74, 50, 48, 28, 73, 38, 56, 43, 29, 63, 22, 46, 45, 7, 60, 46, 34, 14, 51, 70, 31, 39, 26), ncol=2)
    > train <- pts[1:12, ]
    > test <- pts[13:20, ]
    >
    > ch <- circleHull(train)
    Error in sp::CRS(...) :
     PROJ4 argument-value pairs must begin with +: PROJCRS["unknown",
     BASEGEOGCRS["unknown",
     DATUM["World Geodetic System 1984",
     ELLIPSOID["WGS 84",6378137,298.257223563,
     LENGTHUNIT["metre",1]],
     ID["EPSG",6326]],
     PRIMEM["Greenwich",0,
     ANGLEUNIT["degree",0.0174532925199433],
     ID["EPSG",8901]]],
     CONVERSION["UTM zone 1N",
     METHOD["Transverse Mercator",
     ID["EPSG",9807]],
     PARAMETER["Latitude of natural origin",0,
     ID["EPSG",8801]],
     PARAMETER["Longitude origin",-177,
     ID["EPSG",8802]],
     PARAMETER["Scale factor at origin",0.9996,
     SCALEUNIT["unity",1],
     ID["EPSG",8805]],
     PARAMETER["False easting",500000,
     LENGTHUNIT["metre",1],
     ID["EPSG",8806]],
     northing",0,
     ID["EPSG",8807]],
     ID["EPSG",16001]],
     CS[Cartesian,2],
     AXIS["(E)",east,
     ORDER[1],
     LENGTHUNIT["metre",1,
     ID["EPSG",9001]]],
     AXIS["(N)",north,
     ORDER[2],
     ID["EPSG",9001]]]]
    Calls: circleHull ... asMethod -> geom -> geom -> .local -> crs<- -> crs<- -> .CRS
    Execution halted
Flavor: r-oldrel-windows-ix86+x86_64