Last updated on 2022-08-08 00:54:07 CEST.
Flavor | Version | Tinstall | Tcheck | Ttotal | Status | Flags |
---|---|---|---|---|---|---|
r-devel-linux-x86_64-debian-clang | 0.4.6 | 94.15 | 362.71 | 456.86 | OK | |
r-devel-linux-x86_64-debian-gcc | 0.4.6 | 75.05 | 264.99 | 340.04 | OK | |
r-devel-linux-x86_64-fedora-clang | 0.4.6 | 546.57 | OK | |||
r-devel-linux-x86_64-fedora-gcc | 0.4.6 | 577.26 | OK | |||
r-devel-windows-x86_64 | 0.4.6 | 115.00 | 471.00 | 586.00 | OK | |
r-patched-linux-x86_64 | 0.4.6 | 85.55 | 340.20 | 425.75 | OK | |
r-release-linux-x86_64 | 0.4.6 | 81.00 | 346.73 | 427.73 | OK | |
r-release-macos-arm64 | 0.4.6 | 144.00 | NOTE | |||
r-release-macos-x86_64 | 0.4.6 | 195.00 | NOTE | |||
r-release-windows-x86_64 | 0.4.6 | 124.00 | 491.00 | 615.00 | OK | |
r-oldrel-macos-arm64 | 0.4.6 | 113.00 | NOTE | |||
r-oldrel-macos-x86_64 | 0.4.6 | 195.00 | NOTE | |||
r-oldrel-windows-ix86+x86_64 | 0.4.6 | 158.00 | 564.00 | 722.00 | NOTE |
Version: 0.4.6
Check: installed package size
Result: NOTE
installed size is 5.9Mb
sub-directories of 1Mb or more:
doc 1.0Mb
libs 3.2Mb
Flavors: r-release-macos-arm64, r-release-macos-x86_64, r-oldrel-macos-arm64, r-oldrel-macos-x86_64, r-oldrel-windows-ix86+x86_64