CRAN Package Check Results for Package discoverableresearch

Last updated on 2022-09-26 06:51:10 CEST.

Flavor Version Tinstall Tcheck Ttotal Status Flags
r-devel-linux-x86_64-debian-clang 0.0.1 2.45 47.89 50.34 OK
r-devel-linux-x86_64-debian-gcc 0.0.1 2.24 36.11 38.35 OK
r-devel-linux-x86_64-fedora-clang 0.0.1 71.71 NOTE
r-devel-linux-x86_64-fedora-gcc 0.0.1 70.24 NOTE
r-devel-windows-x86_64 0.0.1 90.00 83.00 173.00 OK
r-patched-linux-x86_64 0.0.1 1.92 46.75 48.67 OK
r-release-linux-x86_64 0.0.1 1.77 46.30 48.07 OK
r-release-macos-arm64 0.0.1 24.00 NOTE
r-release-macos-x86_64 0.0.1 46.00 NOTE
r-release-windows-x86_64 0.0.1 45.00 78.00 123.00 OK
r-oldrel-macos-arm64 0.0.1 32.00 NOTE
r-oldrel-macos-x86_64 0.0.1 46.00 NOTE
r-oldrel-windows-ix86+x86_64 0.0.1 8.00 79.00 87.00 OK

Check Details

Version: 0.0.1
Check: dependencies in R code
Result: NOTE
    Namespaces in Imports field not imported from:
     ‘dplyr’ ‘readr’
     All declared Imports should be used.
Flavors: r-devel-linux-x86_64-fedora-clang, r-devel-linux-x86_64-fedora-gcc, r-release-macos-arm64, r-release-macos-x86_64, r-oldrel-macos-arm64, r-oldrel-macos-x86_64