CRAN Package Check Results for Package disclap

Last updated on 2020-05-24 22:48:02 CEST.

Flavor Version Tinstall Tcheck Ttotal Status Flags
r-devel-linux-x86_64-debian-clang 1.5 1.81 18.00 19.81 NOTE
r-devel-linux-x86_64-debian-gcc 1.5 1.42 14.51 15.93 NOTE
r-devel-linux-x86_64-fedora-clang 1.5 25.00 NOTE
r-devel-linux-x86_64-fedora-gcc 1.5 24.20 NOTE
r-devel-windows-ix86+x86_64 1.5 7.00 36.00 43.00 NOTE
r-patched-linux-x86_64 1.5 1.67 18.11 19.78 NOTE
r-patched-solaris-x86 1.5 37.80 NOTE
r-release-linux-x86_64 1.5 1.68 18.29 19.97 NOTE
r-release-osx-x86_64 1.5 NOTE
r-release-windows-ix86+x86_64 1.5 5.00 27.00 32.00 NOTE
r-oldrel-osx-x86_64 1.5 NOTE
r-oldrel-windows-ix86+x86_64 1.5 4.00 37.00 41.00 NOTE

Check Details

Version: 1.5
Check: DESCRIPTION meta-information
Result: NOTE
    Malformed Description field: should contain one or more complete sentences.
Flavors: r-devel-linux-x86_64-debian-clang, r-devel-linux-x86_64-debian-gcc, r-devel-linux-x86_64-fedora-clang, r-devel-linux-x86_64-fedora-gcc, r-devel-windows-ix86+x86_64, r-patched-linux-x86_64, r-patched-solaris-x86, r-release-linux-x86_64, r-release-osx-x86_64, r-release-windows-ix86+x86_64, r-oldrel-osx-x86_64, r-oldrel-windows-ix86+x86_64

Version: 1.5
Check: R code for possible problems
Result: NOTE
    rdisclap: no visible global function definition for 'runif'
    Undefined global functions or variables:
     runif
    Consider adding
     importFrom("stats", "runif")
    to your NAMESPACE file.
Flavors: r-devel-linux-x86_64-debian-clang, r-devel-linux-x86_64-debian-gcc, r-devel-linux-x86_64-fedora-clang, r-devel-linux-x86_64-fedora-gcc, r-devel-windows-ix86+x86_64, r-patched-linux-x86_64, r-patched-solaris-x86, r-release-linux-x86_64, r-release-osx-x86_64, r-release-windows-ix86+x86_64, r-oldrel-osx-x86_64, r-oldrel-windows-ix86+x86_64