Last updated on 2023-04-02 00:57:30 CEST.
Flavor | Version | Tinstall | Tcheck | Ttotal | Status | Flags |
---|---|---|---|---|---|---|
r-devel-linux-x86_64-debian-clang | 1.0.0 | 407.89 | 214.43 | 622.32 | NOTE | |
r-devel-linux-x86_64-debian-gcc | 1.0.0 | 326.62 | 172.25 | 498.87 | NOTE | |
r-devel-linux-x86_64-fedora-clang | 1.0.0 | 768.85 | NOTE | |||
r-devel-linux-x86_64-fedora-gcc | 1.0.0 | 899.58 | NOTE | |||
r-devel-windows-x86_64 | 1.0.0 | 369.00 | 305.00 | 674.00 | NOTE | |
r-patched-linux-x86_64 | 1.0.0 | 316.72 | 219.29 | 536.01 | NOTE | |
r-release-linux-x86_64 | 1.0.0 | 249.07 | 217.00 | 466.07 | NOTE | |
r-release-macos-arm64 | 1.0.0 | 165.00 | NOTE | |||
r-release-macos-x86_64 | 1.0.0 | 276.00 | NOTE | |||
r-release-windows-x86_64 | 1.0.0 | 692.00 | 311.00 | 1003.00 | NOTE | |
r-oldrel-macos-arm64 | 1.0.0 | 180.00 | NOTE | |||
r-oldrel-macos-x86_64 | 1.0.0 | 278.00 | NOTE | |||
r-oldrel-windows-ix86+x86_64 | 1.0.0 | 747.00 | 409.00 | 1156.00 | NOTE |
Version: 1.0.0
Check: for GNU extensions in Makefiles
Result: NOTE
GNU make is a SystemRequirements.
Flavors: r-devel-linux-x86_64-debian-clang, r-devel-linux-x86_64-debian-gcc, r-devel-linux-x86_64-fedora-clang, r-devel-linux-x86_64-fedora-gcc, r-devel-windows-x86_64, r-patched-linux-x86_64, r-release-linux-x86_64, r-release-macos-arm64, r-release-macos-x86_64, r-release-windows-x86_64, r-oldrel-macos-arm64, r-oldrel-macos-x86_64, r-oldrel-windows-ix86+x86_64
Version: 1.0.0
Check: installed package size
Result: NOTE
installed size is 5.4Mb
sub-directories of 1Mb or more:
libs 4.5Mb
Flavors: r-devel-linux-x86_64-fedora-clang, r-release-macos-arm64, r-release-macos-x86_64, r-oldrel-macos-arm64, r-oldrel-macos-x86_64, r-oldrel-windows-ix86+x86_64