CRAN Package Check Results for Package directotree

Last updated on 2022-09-30 12:55:06 CEST.

Flavor Version Tinstall Tcheck Ttotal Status Flags
r-devel-linux-x86_64-debian-clang 1.0.0 3.30 29.49 32.79 NOTE
r-devel-linux-x86_64-debian-gcc 1.0.0 2.43 23.05 25.48 NOTE
r-devel-linux-x86_64-fedora-clang 1.0.0 53.09 NOTE
r-devel-linux-x86_64-fedora-gcc 1.0.0 49.83 NOTE
r-devel-windows-x86_64 1.0.0 12.00 54.00 66.00 NOTE
r-patched-linux-x86_64 1.0.0 3.18 28.66 31.84 NOTE
r-release-linux-x86_64 1.0.0 2.94 28.60 31.54 NOTE
r-release-macos-arm64 1.0.0 17.00 NOTE
r-release-macos-x86_64 1.0.0 24.00 NOTE
r-release-windows-x86_64 1.0.0 17.00 53.00 70.00 NOTE
r-oldrel-macos-arm64 1.0.0 20.00 NOTE
r-oldrel-macos-x86_64 1.0.0 28.00 NOTE
r-oldrel-windows-ix86+x86_64 1.0.0 8.00 50.00 58.00 NOTE

Check Details

Version: 1.0.0
Check: LazyData
Result: NOTE
     'LazyData' is specified without a 'data' directory
Flavors: r-devel-linux-x86_64-debian-clang, r-devel-linux-x86_64-debian-gcc, r-devel-linux-x86_64-fedora-clang, r-devel-linux-x86_64-fedora-gcc, r-devel-windows-x86_64, r-patched-linux-x86_64, r-release-linux-x86_64, r-release-macos-arm64, r-release-macos-x86_64, r-release-windows-x86_64, r-oldrel-macos-arm64, r-oldrel-macos-x86_64, r-oldrel-windows-ix86+x86_64