CRAN Package Check Results for Package digitalDLSorteR

Last updated on 2022-08-15 12:53:57 CEST.

Flavor Version Tinstall Tcheck Ttotal Status Flags
r-devel-linux-x86_64-debian-clang 0.3.0 40.23 480.44 520.67 OK
r-devel-linux-x86_64-debian-gcc 0.3.0 33.17 358.48 391.65 OK
r-devel-linux-x86_64-fedora-clang 0.3.0 630.37 OK
r-devel-linux-x86_64-fedora-gcc 0.3.0 649.95 OK
r-devel-windows-x86_64 0.3.0 160.00 502.00 662.00 OK
r-patched-linux-x86_64 0.3.0 48.66 453.46 502.12 OK
r-release-linux-x86_64 0.3.0 41.95 456.68 498.63 OK
r-release-macos-arm64 0.3.0 8.00 ERROR
r-release-macos-x86_64 0.3.0 212.00 OK
r-release-windows-x86_64 0.3.0 276.00 518.00 794.00 OK
r-oldrel-macos-arm64 0.3.0 10.00 ERROR
r-oldrel-macos-x86_64 0.3.0 206.00 OK
r-oldrel-windows-ix86+x86_64 0.3.0 92.00 499.00 591.00 OK

Check Details

Version: 0.3.0
Check: package dependencies
Result: ERROR
    Package required but not available: ‘zinbwave’
    
    See section ‘The DESCRIPTION file’ in the ‘Writing R Extensions’
    manual.
Flavors: r-release-macos-arm64, r-oldrel-macos-arm64