CRAN Package Check Results for Package diffusr

Last updated on 2020-08-05 13:49:18 CEST.

Flavor Version Tinstall Tcheck Ttotal Status Flags
r-devel-linux-x86_64-debian-clang 0.1.4 65.98 35.07 101.05 OK
r-devel-linux-x86_64-debian-gcc 0.1.4 50.60 28.22 78.82 OK
r-devel-linux-x86_64-fedora-clang 0.1.4 150.60 NOTE
r-devel-linux-x86_64-fedora-gcc 0.1.4 130.08 NOTE
r-devel-windows-ix86+x86_64 0.1.4 168.00 81.00 249.00 OK
r-patched-linux-x86_64 0.1.4 49.76 36.63 86.39 OK
r-patched-solaris-x86 0.1.4 124.40 NOTE
r-release-linux-x86_64 0.1.4 54.66 35.93 90.59 OK
r-release-macos-x86_64 0.1.4 NOTE
r-release-windows-ix86+x86_64 0.1.4 161.00 103.00 264.00 OK
r-oldrel-macos-x86_64 0.1.4 NOTE
r-oldrel-windows-ix86+x86_64 0.1.4 102.00 71.00 173.00 OK

Check Details

Version: 0.1.4
Check: installed package size
Result: NOTE
     installed size is 11.1Mb
     sub-directories of 1Mb or more:
     libs 10.1Mb
Flavors: r-devel-linux-x86_64-fedora-clang, r-release-macos-x86_64, r-oldrel-macos-x86_64

Version: 0.1.4
Check: dependencies in R code
Result: NOTE
    Namespace in Imports field not imported from: ‘methods’
     All declared Imports should be used.
Flavors: r-devel-linux-x86_64-fedora-clang, r-devel-linux-x86_64-fedora-gcc, r-patched-solaris-x86, r-release-macos-x86_64, r-oldrel-macos-x86_64