CRAN Package Check Results for Package diffdf

Last updated on 2021-04-09 19:49:24 CEST.

Flavor Version Tinstall Tcheck Ttotal Status Flags
r-devel-linux-x86_64-debian-clang 1.0.4 3.95 58.67 62.62 NOTE
r-devel-linux-x86_64-debian-gcc 1.0.4 2.97 42.46 45.43 NOTE
r-devel-linux-x86_64-fedora-clang 1.0.4 77.47 NOTE
r-devel-linux-x86_64-fedora-gcc 1.0.4 75.22 NOTE
r-devel-windows-ix86+x86_64 1.0.4 7.00 57.00 64.00 NOTE
r-devel-windows-x86_64-gcc10-UCRT 1.0.4 NOTE
r-patched-linux-x86_64 1.0.4 3.38 53.82 57.20 OK
r-patched-solaris-x86 1.0.4 97.90 OK
r-release-linux-x86_64 1.0.4 OK
r-release-macos-x86_64 1.0.4 OK
r-release-windows-ix86+x86_64 1.0.4 8.00 76.00 84.00 OK
r-oldrel-macos-x86_64 1.0.4 OK
r-oldrel-windows-ix86+x86_64 1.0.4 6.00 77.00 83.00 OK

Check Details

Version: 1.0.4
Check: LazyData
Result: NOTE
     'LazyData' is specified without a 'data' directory
Flavors: r-devel-linux-x86_64-debian-clang, r-devel-linux-x86_64-debian-gcc, r-devel-linux-x86_64-fedora-clang, r-devel-linux-x86_64-fedora-gcc, r-devel-windows-ix86+x86_64, r-devel-windows-x86_64-gcc10-UCRT