CRAN Package Check Results for Package didimputation

Last updated on 2022-08-10 21:53:40 CEST.

Flavor Version Tinstall Tcheck Ttotal Status Flags
r-devel-linux-x86_64-debian-clang 0.1.0 43.38 133.17 176.55 NOTE
r-devel-linux-x86_64-debian-gcc 0.1.0 34.02 94.17 128.19 NOTE
r-devel-linux-x86_64-fedora-clang 0.1.0 219.75 NOTE
r-devel-linux-x86_64-fedora-gcc 0.1.0 215.97 NOTE
r-devel-windows-x86_64 0.1.0 47.00 173.00 220.00 OK
r-patched-linux-x86_64 0.1.0 25.99 124.70 150.69 OK
r-release-linux-x86_64 0.1.0 OK
r-release-macos-arm64 0.1.0 62.00 NOTE
r-release-macos-x86_64 0.1.0 117.00 NOTE
r-release-windows-x86_64 0.1.0 53.00 172.00 225.00 OK
r-oldrel-macos-arm64 0.1.0 59.00 NOTE
r-oldrel-macos-x86_64 0.1.0 78.00 NOTE
r-oldrel-windows-ix86+x86_64 0.1.0 97.00 281.00 378.00 OK

Check Details

Version: 0.1.0
Check: HTML version of manual
Result: NOTE
    Found the following HTML validation problems:
    did_imputation.html:125:104: Warning: inserting implicit <p>
    did_imputation.html:133:96: Warning: inserting implicit <p>
    did_imputation.html:146:99: Warning: inserting implicit <p>
    did_imputation.html:169:78: Warning: inserting implicit <p>
    did_imputation.html:125:104: Warning: trimming empty <p>
    did_imputation.html:133:96: Warning: trimming empty <p>
    did_imputation.html:146:99: Warning: trimming empty <p>
    did_imputation.html:169:78: Warning: trimming empty <p>
Flavors: r-devel-linux-x86_64-debian-clang, r-devel-linux-x86_64-debian-gcc

Version: 0.1.0
Check: dependencies in R code
Result: NOTE
    Namespace in Imports field not imported from: ‘rlang’
     All declared Imports should be used.
Flavors: r-devel-linux-x86_64-fedora-clang, r-devel-linux-x86_64-fedora-gcc, r-release-macos-arm64, r-release-macos-x86_64, r-oldrel-macos-arm64, r-oldrel-macos-x86_64