CRAN Package Check Results for Package dfpk

Last updated on 2022-09-28 06:54:05 CEST.

Flavor Version Tinstall Tcheck Ttotal Status Flags
r-devel-linux-x86_64-debian-clang 3.5.1 210.40 132.49 342.89 NOTE
r-devel-linux-x86_64-debian-gcc 3.5.1 185.65 102.73 288.38 NOTE
r-devel-linux-x86_64-fedora-clang 3.5.1 426.03 NOTE
r-devel-linux-x86_64-fedora-gcc 3.5.1 490.89 NOTE
r-devel-windows-x86_64 3.5.1 307.00 205.00 512.00 NOTE
r-patched-linux-x86_64 3.5.1 134.59 130.86 265.45 NOTE
r-release-linux-x86_64 3.5.1 137.17 130.26 267.43 NOTE
r-release-macos-arm64 3.5.1 125.00 NOTE
r-release-macos-x86_64 3.5.1 232.00 NOTE
r-release-windows-x86_64 3.5.1 236.00 204.00 440.00 NOTE
r-oldrel-macos-arm64 3.5.1 147.00 NOTE
r-oldrel-macos-x86_64 3.5.1 261.00 NOTE
r-oldrel-windows-ix86+x86_64 3.5.1 436.00 239.00 675.00 NOTE

Check Details

Version: 3.5.1
Check: for GNU extensions in Makefiles
Result: NOTE
    GNU make is a SystemRequirements.
Flavors: r-devel-linux-x86_64-debian-clang, r-devel-linux-x86_64-debian-gcc, r-devel-linux-x86_64-fedora-clang, r-devel-linux-x86_64-fedora-gcc, r-devel-windows-x86_64, r-patched-linux-x86_64, r-release-linux-x86_64, r-release-macos-arm64, r-release-macos-x86_64, r-release-windows-x86_64, r-oldrel-macos-arm64, r-oldrel-macos-x86_64, r-oldrel-windows-ix86+x86_64

Version: 3.5.1
Check: installed package size
Result: NOTE
     installed size is 6.1Mb
     sub-directories of 1Mb or more:
     libs 5.4Mb
Flavors: r-devel-linux-x86_64-fedora-clang, r-release-macos-arm64, r-release-macos-x86_64, r-oldrel-macos-arm64, r-oldrel-macos-x86_64, r-oldrel-windows-ix86+x86_64