CRAN Package Check Results for Package dexter

Last updated on 2020-09-21 07:55:59 CEST.

Flavor Version Tinstall Tcheck Ttotal Status Flags
r-devel-linux-x86_64-debian-clang 1.0.8 111.43 205.98 317.41 OK
r-devel-linux-x86_64-debian-gcc 1.0.8 88.06 142.47 230.53 OK
r-devel-linux-x86_64-fedora-clang 1.0.8 394.54 NOTE
r-devel-linux-x86_64-fedora-gcc 1.0.8 369.92 OK
r-devel-windows-ix86+x86_64 1.0.8 243.00 238.00 481.00 NOTE
r-patched-linux-x86_64 1.0.8 87.65 181.53 269.18 OK
r-patched-solaris-x86 1.0.8 1057.50 OK
r-release-linux-x86_64 1.0.8 86.68 181.29 267.97 OK
r-release-macos-x86_64 1.0.8 NOTE
r-release-windows-ix86+x86_64 1.0.8 238.00 294.00 532.00 NOTE
r-oldrel-macos-x86_64 1.0.8 NOTE
r-oldrel-windows-ix86+x86_64 1.0.8 171.00 262.00 433.00 NOTE

Check Details

Version: 1.0.8
Check: installed package size
Result: NOTE
     installed size is 9.1Mb
     sub-directories of 1Mb or more:
     doc 1.1Mb
     libs 7.3Mb
Flavors: r-devel-linux-x86_64-fedora-clang, r-devel-windows-ix86+x86_64, r-release-macos-x86_64, r-release-windows-ix86+x86_64, r-oldrel-macos-x86_64, r-oldrel-windows-ix86+x86_64